CRAN Package Check Results for Package DataSimilarity

Last updated on 2025-07-25 01:49:25 CEST.

Flavor Version Tinstall Tcheck Ttotal Status Flags
r-devel-linux-x86_64-debian-clang 0.2.0 6.65 557.86 564.51 OK
r-devel-linux-x86_64-debian-gcc 0.2.0 5.06 359.21 364.27 OK
r-devel-linux-x86_64-fedora-clang 0.2.0 960.51 OK
r-devel-linux-x86_64-fedora-gcc 0.2.0 950.49 OK
r-devel-windows-x86_64 0.2.0 12.00 561.00 573.00 OK
r-patched-linux-x86_64 0.2.0 8.63 536.98 545.61 OK
r-release-linux-x86_64 0.2.0 6.47 536.87 543.34 OK
r-release-macos-arm64 0.2.0 282.00 WARN
r-release-macos-x86_64 0.2.0 551.00 OK
r-release-windows-x86_64 0.2.0 10.00 558.00 568.00 OK
r-oldrel-macos-arm64 0.2.0 260.00 WARN
r-oldrel-macos-x86_64 0.2.0 513.00 OK
r-oldrel-windows-x86_64 0.2.0 11.00 761.00 772.00 OK

Check Details

Version: 0.2.0
Check: re-building of vignette outputs
Result: WARN Error(s) in re-building vignettes: --- re-building ‘Details.Rnw’ using Sweave Warning in initialize(value, ...) : There must be an even number of elements Adding a ghost value Loading required package: ggplot2 Loading required package: lattice Error: processing vignette 'Details.Rnw' failed with diagnostics: Running 'texi2dvi' on 'Details.tex' failed. LaTeX errors: !pdfTeX error: pdflatex (file bbm9): Font bbm9 at 600 not found ==> Fatal error occurred, no output PDF file produced! --- failed re-building ‘Details.Rnw’ --- re-building ‘GettingStarted.Rnw’ using Sweave Warning in initialize(value, ...) : There must be an even number of elements Adding a ghost value Warning in initialize(value, ...) : There must be an even number of elements Adding a ghost value Warning in initialize(value, ...) : There must be an even number of elements Adding a ghost value Loading required package: ggplot2 Loading required package: lattice --- finished re-building ‘GettingStarted.Rnw’ SUMMARY: processing the following file failed: ‘Details.Rnw’ Error: Vignette re-building failed. Execution halted Flavors: r-release-macos-arm64, r-oldrel-macos-arm64

These binaries (installable software) and packages are in development.
They may not be fully stable and should be used with caution. We make no claims about them.