CRAN Package Check Results for Package DatabaseConnectorJars

Last updated on 2025-02-19 18:51:00 CET.

Flavor Version Tinstall Tcheck Ttotal Status Flags
r-devel-linux-x86_64-debian-clang 1.1.0 2.84 28.14 30.98 OK
r-devel-linux-x86_64-debian-gcc 1.1.0 2.21 21.35 23.56 OK
r-devel-linux-x86_64-fedora-clang 1.1.0 47.87 OK
r-devel-linux-x86_64-fedora-gcc 1.1.0 45.58 OK
r-devel-macos-arm64 1.1.0 19.00 OK
r-devel-macos-x86_64 1.1.0 52.00 OK
r-devel-windows-x86_64 1.1.0 5.00 53.00 58.00 OK
r-patched-linux-x86_64 1.1.0 2.39 26.31 28.70 OK
r-release-linux-x86_64 1.1.0 2.11 26.20 28.31 OK
r-release-macos-arm64 1.1.0 20.00 NOTE
r-release-macos-x86_64 1.1.0 44.00 NOTE
r-release-windows-x86_64 1.1.0 5.00 45.00 50.00 NOTE
r-oldrel-macos-arm64 1.1.0 20.00 NOTE
r-oldrel-macos-x86_64 1.1.0 36.00 NOTE
r-oldrel-windows-x86_64 1.1.0 4.00 55.00 59.00 NOTE

Check Details

Version: 1.1.0
Check: installed package size
Result: NOTE installed size is 7.6Mb sub-directories of 1Mb or more: java 7.5Mb Flavors: r-release-macos-arm64, r-release-macos-x86_64, r-release-windows-x86_64, r-oldrel-macos-arm64, r-oldrel-macos-x86_64, r-oldrel-windows-x86_64

These binaries (installable software) and packages are in development.
They may not be fully stable and should be used with caution. We make no claims about them.