Last updated on 2025-05-01 10:50:07 CEST.
Flavor | Version | Tinstall | Tcheck | Ttotal | Status | Flags |
---|---|---|---|---|---|---|
r-devel-linux-x86_64-debian-clang | 2.0.0 | 101.17 | 116.29 | 217.46 | OK | |
r-devel-linux-x86_64-debian-gcc | 2.0.0 | 73.79 | 77.57 | 151.36 | NOTE | |
r-devel-linux-x86_64-fedora-clang | 2.0.0 | 418.51 | OK | |||
r-devel-linux-x86_64-fedora-gcc | 2.0.0 | 412.20 | OK | |||
r-devel-windows-x86_64 | 2.0.0 | 125.00 | 132.00 | 257.00 | OK | |
r-patched-linux-x86_64 | 2.0.0 | 103.24 | 111.21 | 214.45 | OK | |
r-release-linux-x86_64 | OK | |||||
r-release-macos-arm64 | 2.0.0 | 108.00 | OK | |||
r-release-macos-x86_64 | 2.0.0 | 147.00 | OK | |||
r-release-windows-x86_64 | 2.0.0 | 131.00 | 135.00 | 266.00 | OK | |
r-oldrel-macos-arm64 | 2.0.0 | 60.00 | NOTE | |||
r-oldrel-macos-x86_64 | 2.0.0 | 89.00 | NOTE | |||
r-oldrel-windows-x86_64 | 2.0.0 | 142.00 | 190.00 | 332.00 | NOTE |
Version: 2.0.0
Check: examples
Result: NOTE
Examples with CPU time > 2.5 times elapsed time
user system elapsed ratio
Pswarm 3.11 0.701 0.325 11.726
Flavor: r-devel-linux-x86_64-debian-gcc
Version: 2.0.0
Check: installed package size
Result: NOTE
installed size is 7.6Mb
sub-directories of 1Mb or more:
doc 2.7Mb
libs 4.6Mb
Flavors: r-oldrel-macos-arm64, r-oldrel-macos-x86_64
Version: 2.0.0
Check: for GNU extensions in Makefiles
Result: NOTE
GNU make is a SystemRequirements.
Flavors: r-oldrel-macos-arm64, r-oldrel-macos-x86_64, r-oldrel-windows-x86_64
These binaries (installable software) and packages are in development.
They may not be fully stable and should be used with caution. We make no claims about them.