Last updated on 2025-11-13 01:50:17 CET.
| Flavor | Version | Tinstall | Tcheck | Ttotal | Status | Flags |
|---|---|---|---|---|---|---|
| r-devel-linux-x86_64-debian-clang | 2.0.4 | 16.58 | 31.99 | 48.57 | OK | |
| r-devel-linux-x86_64-debian-gcc | 2.0.4 | 9.94 | 24.37 | 34.31 | OK | |
| r-devel-linux-x86_64-fedora-clang | 2.0.4 | 40.00 | 34.92 | 74.92 | NOTE | |
| r-devel-linux-x86_64-fedora-gcc | 2.0.4 | 35.00 | 35.68 | 70.68 | NOTE | |
| r-devel-windows-x86_64 | 2.0.4 | 17.00 | 52.00 | 69.00 | OK | |
| r-patched-linux-x86_64 | 2.0.4 | 16.16 | 29.78 | 45.94 | OK | |
| r-release-linux-x86_64 | 2.0.4 | 16.73 | 29.84 | 46.57 | OK | |
| r-release-macos-arm64 | 2.0.4 | 8.00 | 31.00 | 39.00 | OK | |
| r-release-macos-x86_64 | 2.0.4 | 16.00 | 38.00 | 54.00 | OK | |
| r-release-windows-x86_64 | 2.0.4 | 16.00 | 50.00 | 66.00 | OK | |
| r-oldrel-macos-arm64 | 2.0.4 | 7.00 | 25.00 | 32.00 | OK | |
| r-oldrel-macos-x86_64 | 2.0.4 | 11.00 | 30.00 | 41.00 | OK | |
| r-oldrel-windows-x86_64 | 2.0.4 | 23.00 | 59.00 | 82.00 | OK |
Version: 2.0.4
Check: dependencies in R code
Result: NOTE
Namespaces in Imports field not imported from:
‘jsonlite’ ‘methods’
All declared Imports should be used.
Flavors: r-devel-linux-x86_64-fedora-clang, r-devel-linux-x86_64-fedora-gcc
These binaries (installable software) and packages are in development.
They may not be fully stable and should be used with caution. We make no claims about them.