Last updated on 2025-05-01 17:56:00 CEST.
Flavor | Version | Tinstall | Tcheck | Ttotal | Status | Flags |
---|---|---|---|---|---|---|
r-devel-linux-x86_64-debian-clang | 2.0.4 | 18.30 | 29.48 | 47.78 | OK | |
r-devel-linux-x86_64-debian-gcc | 2.0.4 | 10.89 | 22.94 | 33.83 | OK | |
r-devel-linux-x86_64-fedora-clang | 2.0.4 | 73.86 | NOTE | |||
r-devel-linux-x86_64-fedora-gcc | 2.0.4 | 70.08 | NOTE | |||
r-devel-windows-x86_64 | 2.0.4 | 17.00 | 58.00 | 75.00 | OK | |
r-patched-linux-x86_64 | 2.0.4 | 16.44 | 28.18 | 44.62 | OK | |
r-release-linux-x86_64 | OK | |||||
r-release-macos-arm64 | 2.0.4 | 39.00 | OK | |||
r-release-macos-x86_64 | 2.0.4 | 54.00 | OK | |||
r-release-windows-x86_64 | 2.0.4 | 15.00 | 53.00 | 68.00 | OK | |
r-oldrel-macos-arm64 | 2.0.4 | 32.00 | OK | |||
r-oldrel-macos-x86_64 | 2.0.4 | 41.00 | OK | |||
r-oldrel-windows-x86_64 | 2.0.4 | 21.00 | 58.00 | 79.00 | OK |
Version: 2.0.4
Check: dependencies in R code
Result: NOTE
Namespaces in Imports field not imported from:
‘jsonlite’ ‘methods’
All declared Imports should be used.
Flavors: r-devel-linux-x86_64-fedora-clang, r-devel-linux-x86_64-fedora-gcc
These binaries (installable software) and packages are in development.
They may not be fully stable and should be used with caution. We make no claims about them.