Last updated on 2025-07-23 21:51:41 CEST.
Flavor | Version | Tinstall | Tcheck | Ttotal | Status | Flags |
---|---|---|---|---|---|---|
r-devel-linux-x86_64-debian-clang | 2.0.4 | 17.74 | 29.99 | 47.73 | OK | |
r-devel-linux-x86_64-debian-gcc | 2.0.4 | 12.76 | 23.43 | 36.19 | OK | |
r-devel-linux-x86_64-fedora-clang | 2.0.4 | 75.13 | NOTE | |||
r-devel-linux-x86_64-fedora-gcc | 2.0.4 | 73.87 | NOTE | |||
r-devel-windows-x86_64 | 2.0.4 | 16.00 | 53.00 | 69.00 | OK | |
r-patched-linux-x86_64 | 2.0.4 | 18.21 | 28.30 | 46.51 | OK | |
r-release-linux-x86_64 | 2.0.4 | 16.58 | 28.48 | 45.06 | OK | |
r-release-macos-arm64 | 2.0.4 | 39.00 | OK | |||
r-release-macos-x86_64 | 2.0.4 | 54.00 | OK | |||
r-release-windows-x86_64 | 2.0.4 | 17.00 | 54.00 | 71.00 | OK | |
r-oldrel-macos-arm64 | 2.0.4 | 32.00 | OK | |||
r-oldrel-macos-x86_64 | 2.0.4 | 41.00 | OK | |||
r-oldrel-windows-x86_64 | 2.0.4 | 24.00 | 61.00 | 85.00 | OK |
Version: 2.0.4
Check: dependencies in R code
Result: NOTE
Namespaces in Imports field not imported from:
‘jsonlite’ ‘methods’
All declared Imports should be used.
Flavors: r-devel-linux-x86_64-fedora-clang, r-devel-linux-x86_64-fedora-gcc
These binaries (installable software) and packages are in development.
They may not be fully stable and should be used with caution. We make no claims about them.