CRAN Package Check Results for Package DeCAFS

Last updated on 2025-10-03 11:50:40 CEST.

Flavor Version Tinstall Tcheck Ttotal Status Flags
r-devel-linux-x86_64-debian-clang 3.3.3 19.48 62.52 82.00 NOTE
r-devel-linux-x86_64-debian-gcc 3.3.3 12.94 45.40 58.34 NOTE
r-devel-linux-x86_64-fedora-clang 3.3.3 132.70 NOTE
r-devel-linux-x86_64-fedora-gcc 3.3.3 126.10 NOTE
r-devel-windows-x86_64 3.3.3 25.00 88.00 113.00 NOTE
r-patched-linux-x86_64 3.3.3 19.28 57.36 76.64 NOTE
r-release-linux-x86_64 3.3.3 19.01 57.04 76.05 NOTE
r-release-macos-arm64 3.3.3 43.00 NOTE
r-release-macos-x86_64 3.3.3 55.00 NOTE
r-release-windows-x86_64 3.3.3 25.00 90.00 115.00 NOTE
r-oldrel-macos-arm64 3.3.3 36.00 NOTE
r-oldrel-macos-x86_64 3.3.3 48.00 NOTE
r-oldrel-windows-x86_64 3.3.3 31.00 112.00 143.00 NOTE

Check Details

Version: 3.3.3
Check: C++ specification
Result: NOTE Specified C++14: please drop specification unless essential Flavors: r-devel-linux-x86_64-debian-clang, r-devel-linux-x86_64-debian-gcc, r-devel-linux-x86_64-fedora-clang, r-devel-linux-x86_64-fedora-gcc, r-devel-windows-x86_64, r-patched-linux-x86_64, r-release-linux-x86_64, r-release-macos-arm64, r-release-macos-x86_64, r-release-windows-x86_64, r-oldrel-macos-arm64, r-oldrel-macos-x86_64, r-oldrel-windows-x86_64

These binaries (installable software) and packages are in development.
They may not be fully stable and should be used with caution. We make no claims about them.