Last updated on 2025-11-16 03:49:53 CET.
| Flavor | Version | Tinstall | Tcheck | Ttotal | Status | Flags |
|---|---|---|---|---|---|---|
| r-devel-linux-x86_64-debian-clang | 3.3.3 | 18.12 | 61.70 | 79.82 | NOTE | |
| r-devel-linux-x86_64-debian-gcc | 3.3.3 | 13.56 | 46.47 | 60.03 | NOTE | |
| r-devel-linux-x86_64-fedora-clang | 3.3.3 | 49.00 | 86.49 | 135.49 | NOTE | |
| r-devel-linux-x86_64-fedora-gcc | 3.3.3 | 37.00 | 83.23 | 120.23 | NOTE | |
| r-devel-windows-x86_64 | 3.3.3 | 26.00 | 92.00 | 118.00 | NOTE | |
| r-patched-linux-x86_64 | 3.3.3 | 17.98 | 56.90 | 74.88 | NOTE | |
| r-release-linux-x86_64 | 3.3.3 | 19.19 | 56.62 | 75.81 | NOTE | |
| r-release-macos-arm64 | 3.3.3 | 13.00 | 30.00 | 43.00 | NOTE | |
| r-release-macos-x86_64 | 3.3.3 | 12.00 | 43.00 | 55.00 | NOTE | |
| r-release-windows-x86_64 | 3.3.3 | 25.00 | 87.00 | 112.00 | NOTE | |
| r-oldrel-macos-arm64 | 3.3.3 | 10.00 | 26.00 | 36.00 | NOTE | |
| r-oldrel-macos-x86_64 | 3.3.3 | 12.00 | 36.00 | 48.00 | NOTE | |
| r-oldrel-windows-x86_64 | 3.3.3 | 31.00 | 109.00 | 140.00 | NOTE |
Version: 3.3.3
Check: C++ specification
Result: NOTE
Specified C++14: please drop specification unless essential
Flavors: r-devel-linux-x86_64-debian-clang, r-devel-linux-x86_64-debian-gcc, r-devel-linux-x86_64-fedora-clang, r-devel-linux-x86_64-fedora-gcc, r-devel-windows-x86_64, r-patched-linux-x86_64, r-release-linux-x86_64, r-release-macos-arm64, r-release-macos-x86_64, r-release-windows-x86_64, r-oldrel-macos-arm64, r-oldrel-macos-x86_64, r-oldrel-windows-x86_64
These binaries (installable software) and packages are in development.
They may not be fully stable and should be used with caution. We make no claims about them.