CRAN Package Check Results for Package DeCAFS

Last updated on 2025-07-26 07:50:19 CEST.

Flavor Version Tinstall Tcheck Ttotal Status Flags
r-devel-linux-x86_64-debian-clang 3.3.3 19.13 52.34 71.47 NOTE
r-devel-linux-x86_64-debian-gcc 3.3.3 13.96 38.76 52.72 NOTE
r-devel-linux-x86_64-fedora-clang 3.3.3 124.61 NOTE
r-devel-linux-x86_64-fedora-gcc 3.3.3 117.15 NOTE
r-devel-windows-x86_64 3.3.3 25.00 83.00 108.00 NOTE
r-patched-linux-x86_64 3.3.3 20.14 48.93 69.07 NOTE
r-release-linux-x86_64 3.3.3 17.99 48.69 66.68 NOTE
r-release-macos-arm64 3.3.3 43.00 NOTE
r-release-macos-x86_64 3.3.3 55.00 NOTE
r-release-windows-x86_64 3.3.3 26.00 86.00 112.00 NOTE
r-oldrel-macos-arm64 3.3.3 36.00 NOTE
r-oldrel-macos-x86_64 3.3.3 48.00 NOTE
r-oldrel-windows-x86_64 3.3.3 29.00 101.00 130.00 NOTE

Check Details

Version: 3.3.3
Check: C++ specification
Result: NOTE Specified C++14: please drop specification unless essential Flavors: r-devel-linux-x86_64-debian-clang, r-devel-linux-x86_64-debian-gcc, r-devel-linux-x86_64-fedora-clang, r-devel-linux-x86_64-fedora-gcc, r-devel-windows-x86_64, r-patched-linux-x86_64, r-release-linux-x86_64, r-release-macos-arm64, r-release-macos-x86_64, r-release-windows-x86_64, r-oldrel-macos-arm64, r-oldrel-macos-x86_64, r-oldrel-windows-x86_64

These binaries (installable software) and packages are in development.
They may not be fully stable and should be used with caution. We make no claims about them.