CRAN Package Check Results for Package DeclareDesign

Last updated on 2025-02-02 14:48:20 CET.

Flavor Version Tinstall Tcheck Ttotal Status Flags
r-devel-linux-x86_64-debian-clang 1.0.10 5.07 220.03 225.10 NOTE
r-devel-linux-x86_64-debian-gcc 1.0.10 3.74 154.29 158.03 NOTE
r-devel-linux-x86_64-fedora-clang 1.0.10 380.74 OK
r-devel-linux-x86_64-fedora-gcc 1.0.10 346.58 OK
r-devel-windows-x86_64 1.0.10 11.00 208.00 219.00 NOTE
r-patched-linux-x86_64 1.0.10 8.17 208.84 217.01 OK
r-release-linux-x86_64 1.0.10 5.57 209.88 215.45 OK
r-release-macos-arm64 1.0.10 94.00 OK
r-release-macos-x86_64 1.0.10 149.00 OK
r-release-windows-x86_64 1.0.10 11.00 209.00 220.00 OK
r-oldrel-macos-arm64 1.0.10 104.00 OK
r-oldrel-macos-x86_64 1.0.10 268.00 OK
r-oldrel-windows-x86_64 1.0.10 13.00 281.00 294.00 OK

Check Details

Version: 1.0.10
Check: Rd cross-references
Result: NOTE Found the following Rd file(s) with Rd \link{} targets missing package anchors: declare_estimator.Rd: lm_robust, estimatr, glance Please provide package anchors for all Rd \link{} targets not in the package itself and the base packages. Flavors: r-devel-linux-x86_64-debian-clang, r-devel-linux-x86_64-debian-gcc, r-devel-windows-x86_64

These binaries (installable software) and packages are in development.
They may not be fully stable and should be used with caution. We make no claims about them.