CRAN Package Check Results for Package DecomposeR

Last updated on 2025-02-16 12:53:32 CET.

Flavor Version Tinstall Tcheck Ttotal Status Flags
r-devel-linux-x86_64-debian-clang 1.0.6 13.36 120.86 134.22 NOTE
r-devel-linux-x86_64-debian-gcc 1.0.6 6.44 82.99 89.43 NOTE
r-devel-linux-x86_64-fedora-clang 1.0.6 208.34 OK
r-devel-linux-x86_64-fedora-gcc 1.0.6 204.14 OK
r-devel-macos-arm64 1.0.6 65.00 OK
r-devel-macos-x86_64 1.0.6 131.00 OK
r-devel-windows-x86_64 1.0.6 15.00 154.00 169.00 NOTE
r-patched-linux-x86_64 1.0.6 15.64 113.12 128.76 OK
r-release-linux-x86_64 1.0.6 11.52 111.67 123.19 OK
r-release-macos-arm64 1.0.6 66.00 OK
r-release-macos-x86_64 1.0.6 116.00 OK
r-release-windows-x86_64 1.0.6 14.00 144.00 158.00 OK
r-oldrel-macos-arm64 1.0.6 67.00 OK
r-oldrel-macos-x86_64 1.0.6 130.00 NOTE
r-oldrel-windows-x86_64 1.0.6 17.00 173.00 190.00 OK

Check Details

Version: 1.0.6
Check: Rd cross-references
Result: NOTE Found the following Rd file(s) with Rd \link{} targets missing package anchors: inst.ratio.Rd: pdfDisplay Please provide package anchors for all Rd \link{} targets not in the package itself and the base packages. Flavors: r-devel-linux-x86_64-debian-clang, r-devel-linux-x86_64-debian-gcc, r-devel-windows-x86_64

Version: 1.0.6
Check: package dependencies
Result: NOTE Packages suggested but not available for checking: 'EMD', 'astrochron' Flavor: r-oldrel-macos-x86_64

These binaries (installable software) and packages are in development.
They may not be fully stable and should be used with caution. We make no claims about them.