Last updated on 2025-10-04 11:50:32 CEST.
Flavor | Version | Tinstall | Tcheck | Ttotal | Status | Flags |
---|---|---|---|---|---|---|
r-devel-linux-x86_64-debian-clang | 0.9-1 | 22.19 | 162.49 | 184.68 | OK | |
r-devel-linux-x86_64-debian-gcc | 0.9-1 | 13.80 | 110.66 | 124.46 | OK | |
r-devel-linux-x86_64-fedora-clang | 0.9-1 | 265.28 | OK | |||
r-devel-linux-x86_64-fedora-gcc | 0.9-1 | 127.68 | OK | |||
r-devel-windows-x86_64 | 0.9-0 | 23.00 | 160.00 | 183.00 | WARN | |
r-patched-linux-x86_64 | 0.9-0 | 20.77 | 152.97 | 173.74 | WARN | |
r-release-linux-x86_64 | 0.9-0 | 20.80 | 154.12 | 174.92 | WARN | |
r-release-macos-arm64 | 0.9-0 | 57.00 | OK | |||
r-release-macos-x86_64 | 0.9-1 | 144.00 | OK | |||
r-release-windows-x86_64 | 0.9-0 | 22.00 | 158.00 | 180.00 | WARN | |
r-oldrel-macos-arm64 | 0.9-0 | 70.00 | OK | |||
r-oldrel-macos-x86_64 | 0.9-1 | 151.00 | OK | |||
r-oldrel-windows-x86_64 | 0.9-1 | 31.00 | 208.00 | 239.00 | OK |
Version: 0.9-0
Check: whether package can be installed
Result: WARN
Found the following significant warnings:
Warning: replacing previous import 'e1071::element' by 'ggplot2::element' when loading 'Deducer'
Flavors: r-devel-windows-x86_64, r-patched-linux-x86_64, r-release-linux-x86_64, r-release-windows-x86_64
These binaries (installable software) and packages are in development.
They may not be fully stable and should be used with caution. We make no claims about them.