Last updated on 2025-05-08 04:52:02 CEST.
Flavor | Version | Tinstall | Tcheck | Ttotal | Status | Flags |
---|---|---|---|---|---|---|
r-devel-linux-x86_64-debian-clang | 0.7-9 | 20.57 | 154.27 | 174.84 | NOTE | |
r-devel-linux-x86_64-debian-gcc | 0.7-9 | 14.56 | 109.74 | 124.30 | NOTE | |
r-devel-linux-x86_64-fedora-clang | 0.9-0 | 271.28 | OK | |||
r-devel-linux-x86_64-fedora-gcc | 0.9-0 | 253.94 | OK | |||
r-devel-windows-x86_64 | 0.7-9 | 21.00 | 158.00 | 179.00 | NOTE | |
r-patched-linux-x86_64 | 0.7-9 | 20.05 | 143.34 | 163.39 | NOTE | |
r-release-linux-x86_64 | 0.7-9 | 17.93 | 143.25 | 161.18 | NOTE | |
r-release-macos-arm64 | 0.9-0 | 57.00 | OK | |||
r-release-macos-x86_64 | 0.9-0 | 149.00 | OK | |||
r-release-windows-x86_64 | 0.7-9 | 21.00 | 155.00 | 176.00 | NOTE | |
r-oldrel-macos-arm64 | 0.9-0 | 70.00 | OK | |||
r-oldrel-macos-x86_64 | 0.9-0 | 145.00 | OK | |||
r-oldrel-windows-x86_64 | 0.7-9 | 27.00 | 189.00 | 216.00 | OK |
Version: 0.7-9
Check: CRAN incoming feasibility
Result: NOTE
Maintainer: ‘Ian Fellows <ian@fellstat.com>’
No Authors@R field in DESCRIPTION.
Please add one, modifying
Authors@R: c(person(given = c("Ian", "Fellows", "with", "contributions", "from"),
family = "others.",
role = "aut",
comment = "see documentation"),
person(given = "Ian",
family = "Fellows",
role = "cre",
email = "ian@fellstat.com"))
as necessary.
Package CITATION file contains call(s) to old-style personList() or
as.personList(). Please use c() on person objects instead.
Package CITATION file contains call(s) to old-style citEntry(). Please
use bibentry() instead.
Flavors: r-devel-linux-x86_64-debian-clang, r-devel-linux-x86_64-debian-gcc
Version: 0.7-9
Check: Rd cross-references
Result: NOTE
Found the following Rd file(s) with Rd \link{} targets missing package
anchors:
recode.variables.Rd: recode
Please provide package anchors for all Rd \link{} targets not in the
package itself and the base packages.
Flavors: r-devel-linux-x86_64-debian-clang, r-devel-linux-x86_64-debian-gcc, r-devel-windows-x86_64, r-patched-linux-x86_64, r-release-linux-x86_64, r-release-windows-x86_64
These binaries (installable software) and packages are in development.
They may not be fully stable and should be used with caution. We make no claims about them.