CRAN Package Check Results for Package DeepLearningCausal

Last updated on 2025-10-09 17:50:35 CEST.

Flavor Version Tinstall Tcheck Ttotal Status Flags
r-devel-linux-x86_64-debian-clang 0.0.106 7.88 65.35 73.23 OK
r-devel-linux-x86_64-debian-gcc 0.0.106 5.81 46.24 52.05 OK
r-devel-linux-x86_64-fedora-clang 0.0.106 116.40 NOTE
r-devel-linux-x86_64-fedora-gcc 0.0.106 113.53 NOTE
r-devel-windows-x86_64 0.0.106 11.00 80.00 91.00 OK
r-patched-linux-x86_64 0.0.106 7.93 61.89 69.82 OK
r-release-linux-x86_64 0.0.106 8.49 62.02 70.51 OK
r-release-macos-arm64 0.0.106 30.00 OK
r-release-macos-x86_64 0.0.106 62.00 OK
r-release-windows-x86_64 0.0.106 10.00 80.00 90.00 OK
r-oldrel-macos-arm64 0.0.106 36.00 OK
r-oldrel-macos-x86_64 0.0.106 66.00 OK
r-oldrel-windows-x86_64 0.0.106 14.00 95.00 109.00 OK

Check Details

Version: 0.0.106
Check: dependencies in R code
Result: NOTE Namespaces in Imports field not imported from: ‘Hmisc’ ‘class’ ‘dplyr’ ‘e1071’ ‘gam’ ‘gbm’ ‘glmnet’ ‘randomForest’ ‘weights’ ‘xgboost’ All declared Imports should be used. Flavors: r-devel-linux-x86_64-fedora-clang, r-devel-linux-x86_64-fedora-gcc

These binaries (installable software) and packages are in development.
They may not be fully stable and should be used with caution. We make no claims about them.