CRAN Package Check Results for Package Delta

Last updated on 2025-05-08 04:52:02 CEST.

Flavor Version Tinstall Tcheck Ttotal Status Flags
r-devel-linux-x86_64-debian-clang 0.2.0.3 2.89 22.34 25.23 OK
r-devel-linux-x86_64-debian-gcc 0.2.0.3 2.05 17.11 19.16 OK
r-devel-linux-x86_64-fedora-clang 0.2.0.3 39.84 OK
r-devel-linux-x86_64-fedora-gcc 0.2.0.3 37.38 OK
r-devel-windows-x86_64 0.2.0.3 4.00 44.00 48.00 OK
r-patched-linux-x86_64 0.2.0.3 2.77 21.57 24.34 OK
r-release-linux-x86_64 0.2.0.3 2.93 21.07 24.00 OK
r-release-macos-arm64 0.2.0.3 17.00 OK
r-release-macos-x86_64 0.2.0.3 26.00 OK
r-release-windows-x86_64 0.2.0.3 4.00 45.00 49.00 OK
r-oldrel-macos-arm64 0.2.0.3 16.00 NOTE
r-oldrel-macos-x86_64 0.2.0.3 23.00 NOTE
r-oldrel-windows-x86_64 0.2.0.3 5.00 43.00 48.00 NOTE

Check Details

Version: 0.2.0.3
Check: LazyData
Result: NOTE 'LazyData' is specified without a 'data' directory Flavors: r-oldrel-macos-arm64, r-oldrel-macos-x86_64, r-oldrel-windows-x86_64

These binaries (installable software) and packages are in development.
They may not be fully stable and should be used with caution. We make no claims about them.