Last updated on 2025-10-23 21:51:24 CEST.
Flavor | Version | Tinstall | Tcheck | Ttotal | Status | Flags |
---|---|---|---|---|---|---|
r-devel-linux-x86_64-debian-clang | 0.5.0 | 3.38 | 25.42 | 28.80 | OK | |
r-devel-linux-x86_64-debian-gcc | 0.5.0 | 2.38 | 19.64 | 22.02 | OK | |
r-devel-linux-x86_64-fedora-clang | 0.5.0 | 43.58 | NOTE | |||
r-devel-linux-x86_64-fedora-gcc | 0.5.0 | 40.34 | NOTE | |||
r-devel-windows-x86_64 | 0.5.0 | 6.00 | 43.00 | 49.00 | OK | |
r-patched-linux-x86_64 | 0.5.0 | 2.81 | 24.26 | 27.07 | OK | |
r-release-linux-x86_64 | 0.5.0 | 2.92 | 24.21 | 27.13 | OK | |
r-release-macos-arm64 | 0.5.0 | 2.00 | 24.00 | 26.00 | OK | |
r-release-macos-x86_64 | 0.5.0 | 3.00 | 26.00 | 29.00 | OK | |
r-release-windows-x86_64 | 0.5.0 | 5.00 | 43.00 | 48.00 | OK | |
r-oldrel-macos-arm64 | 0.5.0 | 2.00 | 16.00 | 18.00 | OK | |
r-oldrel-macos-x86_64 | 0.5.0 | 2.00 | 23.00 | 25.00 | OK | |
r-oldrel-windows-x86_64 | 0.5.0 | 6.00 | 49.00 | 55.00 | OK |
Version: 0.5.0
Check: dependencies in R code
Result: NOTE
Namespaces in Imports field not imported from:
‘knitr’ ‘shinyBS’ ‘shinyMatrix’
All declared Imports should be used.
Flavors: r-devel-linux-x86_64-fedora-clang, r-devel-linux-x86_64-fedora-gcc
These binaries (installable software) and packages are in development.
They may not be fully stable and should be used with caution. We make no claims about them.