Last updated on 2025-02-16 10:50:44 CET.
Flavor | Version | Tinstall | Tcheck | Ttotal | Status | Flags |
---|---|---|---|---|---|---|
r-devel-linux-x86_64-debian-clang | 1.0.3 | 4.56 | 405.76 | 410.32 | NOTE | |
r-devel-linux-x86_64-debian-gcc | 1.0.3 | 2.98 | 285.07 | 288.05 | NOTE | |
r-devel-linux-x86_64-fedora-clang | 1.0.3 | 651.41 | NOTE | |||
r-devel-linux-x86_64-fedora-gcc | 1.0.3 | 666.75 | NOTE | |||
r-devel-macos-arm64 | 1.0.3 | 173.00 | NOTE | |||
r-devel-macos-x86_64 | 1.0.3 | 394.00 | NOTE | |||
r-devel-windows-x86_64 | 1.0.3 | 7.00 | 366.00 | 373.00 | NOTE | |
r-patched-linux-x86_64 | 1.0.3 | 4.41 | 398.61 | 403.02 | NOTE | |
r-release-linux-x86_64 | 1.0.3 | 3.64 | 391.62 | 395.26 | NOTE | |
r-release-macos-arm64 | 1.0.3 | 160.00 | NOTE | |||
r-release-macos-x86_64 | 1.0.3 | 260.00 | NOTE | |||
r-release-windows-x86_64 | 1.0.3 | 6.00 | 359.00 | 365.00 | NOTE | |
r-oldrel-macos-arm64 | 1.0.3 | 166.00 | NOTE | |||
r-oldrel-macos-x86_64 | 1.0.3 | 339.00 | NOTE | |||
r-oldrel-windows-x86_64 | 1.0.3 | 8.00 | 431.00 | 439.00 | NOTE |
Version: 1.0.3
Check: Rd files
Result: NOTE
checkRd: (-1) kin.Rd:49-50: Lost braces in \itemize; \value handles \item{}{} directly
checkRd: (-1) kin.Rd:51-52: Lost braces in \itemize; \value handles \item{}{} directly
checkRd: (-1) kin.Rd:53-61: Lost braces
53 | {\itemize{
| ^
checkRd: (-1) kin.Rd:54: Lost braces in \itemize; \value handles \item{}{} directly
checkRd: (-1) kin.Rd:55: Lost braces in \itemize; \value handles \item{}{} directly
checkRd: (-1) kin.Rd:56: Lost braces in \itemize; \value handles \item{}{} directly
checkRd: (-1) kin.Rd:57: Lost braces in \itemize; \value handles \item{}{} directly
checkRd: (-1) kin.Rd:58: Lost braces in \itemize; \value handles \item{}{} directly
checkRd: (-1) kin.Rd:59: Lost braces in \itemize; \value handles \item{}{} directly
checkRd: (-1) kin2sex.Rd:56-57: Lost braces in \itemize; \value handles \item{}{} directly
checkRd: (-1) kin2sex.Rd:58: Lost braces in \itemize; \value handles \item{}{} directly
checkRd: (-1) kin2sex.Rd:59-67: Lost braces
59 | {\itemize{
| ^
checkRd: (-1) kin2sex.Rd:60: Lost braces in \itemize; \value handles \item{}{} directly
checkRd: (-1) kin2sex.Rd:61: Lost braces in \itemize; \value handles \item{}{} directly
checkRd: (-1) kin2sex.Rd:62: Lost braces in \itemize; \value handles \item{}{} directly
checkRd: (-1) kin2sex.Rd:63: Lost braces in \itemize; \value handles \item{}{} directly
checkRd: (-1) kin2sex.Rd:64: Lost braces in \itemize; \value handles \item{}{} directly
checkRd: (-1) kin2sex.Rd:65: Lost braces in \itemize; \value handles \item{}{} directly
Flavors: r-devel-linux-x86_64-debian-clang, r-devel-linux-x86_64-debian-gcc, r-devel-linux-x86_64-fedora-clang, r-devel-linux-x86_64-fedora-gcc, r-devel-macos-arm64, r-devel-macos-x86_64, r-devel-windows-x86_64, r-patched-linux-x86_64, r-release-linux-x86_64, r-release-macos-arm64, r-release-macos-x86_64, r-release-windows-x86_64
Version: 1.0.3
Check: installed package size
Result: NOTE
installed size is 5.7Mb
sub-directories of 1Mb or more:
data 1.2Mb
doc 3.1Mb
help 1.3Mb
Flavors: r-release-macos-arm64, r-release-macos-x86_64, r-release-windows-x86_64, r-oldrel-macos-arm64, r-oldrel-macos-x86_64, r-oldrel-windows-x86_64
These binaries (installable software) and packages are in development.
They may not be fully stable and should be used with caution. We make no claims about them.