Last updated on 2025-05-01 17:56:00 CEST.
Flavor | Version | Tinstall | Tcheck | Ttotal | Status | Flags |
---|---|---|---|---|---|---|
r-devel-linux-x86_64-debian-clang | 0.1.4 | 5.92 | 94.53 | 100.45 | NOTE | |
r-devel-linux-x86_64-debian-gcc | 0.1.4 | 3.95 | 67.64 | 71.59 | NOTE | |
r-devel-linux-x86_64-fedora-clang | 0.1.4 | 148.82 | NOTE | |||
r-devel-linux-x86_64-fedora-gcc | 0.1.4 | 144.55 | NOTE | |||
r-devel-windows-x86_64 | 0.1.4 | 7.00 | 116.00 | 123.00 | NOTE | |
r-patched-linux-x86_64 | 0.1.4 | 4.88 | 88.82 | 93.70 | NOTE | |
r-release-linux-x86_64 | NOTE | |||||
r-release-macos-arm64 | 0.1.4 | 62.00 | NOTE | |||
r-release-macos-x86_64 | 0.1.4 | 105.00 | NOTE | |||
r-release-windows-x86_64 | 0.1.4 | 8.00 | 116.00 | 124.00 | NOTE | |
r-oldrel-macos-arm64 | 0.1.4 | 56.00 | NOTE | |||
r-oldrel-macos-x86_64 | 0.1.4 | 82.00 | NOTE | |||
r-oldrel-windows-x86_64 | 0.1.4 | 9.00 | 140.00 | 149.00 | NOTE |
Version: 0.1.4
Check: CRAN incoming feasibility
Result: NOTE
Maintainer: ‘Josu G. Alday <josucham@gmail.com>’
No Authors@R field in DESCRIPTION.
Please add one, modifying
Authors@R: c(person(given = c("Josu", "G."),
family = "Alday",
role = c("aut", "cre"),
email = "josucham@gmail.com",
comment = c(ORCID = "0000-0001-7510-8655")),
person(given = c("Tatiana", "A."),
family = "Shestakova",
role = "aut",
comment = c(ORCID = "0000-0002-5605-0299")),
person(given = c("Victor", "Resco"),
family = "de Dios",
role = "aut",
comment = c(ORCID = "0000-0002-5721-1656")),
person(given = "Jordi",
family = "Voltas",
role = "aut",
comment = c(ORCID = "0000-0003-4051-1158")))
as necessary.
Flavors: r-devel-linux-x86_64-debian-clang, r-devel-linux-x86_64-debian-gcc
Version: 0.1.4
Check: Rd files
Result: NOTE
checkRd: (-1) conifersIP.Rd:9: Lost braces; missing escapes or markup?
9 | \code{conifersIP} {has following variables:}
| ^
checkRd: (-1) conifersIP.Rd:11: Lost braces in \itemize; meant \describe ?
checkRd: (-1) conifersIP.Rd:12: Lost braces in \itemize; meant \describe ?
checkRd: (-1) conifersIP.Rd:13: Lost braces in \itemize; meant \describe ?
checkRd: (-1) conifersIP.Rd:14: Lost braces in \itemize; meant \describe ?
checkRd: (-1) conifersIP.Rd:15: Lost braces in \itemize; meant \describe ?
checkRd: (-1) sync.Rd:22: Lost braces in \itemize; \value handles \item{}{} directly
checkRd: (-1) sync.Rd:23: Lost braces in \itemize; \value handles \item{}{} directly
checkRd: (-1) sync.Rd:24: Lost braces in \itemize; \value handles \item{}{} directly
checkRd: (-1) sync.Rd:25: Lost braces in \itemize; \value handles \item{}{} directly
checkRd: (-1) sync.Rd:26: Lost braces in \itemize; \value handles \item{}{} directly
checkRd: (-1) sync.Rd:27: Lost braces in \itemize; \value handles \item{}{} directly
checkRd: (-1) sync.Rd:28: Lost braces in \itemize; \value handles \item{}{} directly
Flavors: r-devel-linux-x86_64-debian-clang, r-devel-linux-x86_64-debian-gcc, r-devel-linux-x86_64-fedora-clang, r-devel-linux-x86_64-fedora-gcc, r-devel-windows-x86_64, r-patched-linux-x86_64, r-release-linux-x86_64, r-release-macos-arm64, r-release-macos-x86_64, r-release-windows-x86_64, r-oldrel-macos-arm64, r-oldrel-macos-x86_64, r-oldrel-windows-x86_64
Version: 0.1.4
Check: Rd cross-references
Result: NOTE
Found the following Rd file(s) with Rd \link{} targets missing package
anchors:
dendro.varcov.Rd: varFunc, varIdent, lmeObject
Please provide package anchors for all Rd \link{} targets not in the
package itself and the base packages.
Flavors: r-devel-linux-x86_64-debian-clang, r-devel-linux-x86_64-debian-gcc, r-devel-windows-x86_64, r-patched-linux-x86_64, r-release-linux-x86_64, r-release-windows-x86_64
Version: 0.1.4
Check: examples
Result: NOTE
Examples with CPU (user + system) or elapsed time > 5s
user system elapsed
dendro.varcov 4.812 0.000 6.941
sync 4.535 0.008 6.258
mod.table 3.679 0.055 5.156
gen.het.aSE 3.568 0.000 5.530
het.var 3.564 0.003 5.249
Flavor: r-devel-linux-x86_64-debian-clang
These binaries (installable software) and packages are in development.
They may not be fully stable and should be used with caution. We make no claims about them.