Last updated on 2024-07-27 15:50:15 CEST.
Flavor | Version | Tinstall | Tcheck | Ttotal | Status | Flags |
---|---|---|---|---|---|---|
r-devel-linux-x86_64-debian-clang | 1.2.1 | 3.60 | 301.81 | 305.41 | OK | |
r-devel-linux-x86_64-debian-gcc | 1.2.1 | OK | ||||
r-devel-linux-x86_64-fedora-clang | 1.2.1 | 384.48 | NOTE | |||
r-devel-linux-x86_64-fedora-gcc | 1.2.1 | 402.64 | OK | |||
r-devel-windows-x86_64 | 1.2.1 | 6.00 | 226.00 | 232.00 | NOTE | |
r-patched-linux-x86_64 | 1.2.1 | OK | ||||
r-release-linux-x86_64 | 1.2.1 | 3.02 | 289.57 | 292.59 | OK | |
r-release-macos-arm64 | 1.2.1 | 86.00 | NOTE | |||
r-release-macos-x86_64 | 1.2.1 | 154.00 | NOTE | |||
r-release-windows-x86_64 | 1.2.1 | 5.00 | 230.00 | 235.00 | NOTE | |
r-oldrel-macos-arm64 | 1.2.1 | 100.00 | NOTE | |||
r-oldrel-macos-x86_64 | 1.2.1 | 358.00 | NOTE | |||
r-oldrel-windows-x86_64 | 1.2.1 | 6.00 | 258.00 | 264.00 | NOTE |
Version: 1.2.1
Check: installed package size
Result: NOTE
installed size is 7.1Mb
sub-directories of 1Mb or more:
doc 4.8Mb
extdata 2.1Mb
Flavors: r-devel-linux-x86_64-fedora-clang, r-devel-windows-x86_64, r-release-macos-arm64, r-release-macos-x86_64, r-release-windows-x86_64, r-oldrel-macos-arm64, r-oldrel-macos-x86_64, r-oldrel-windows-x86_64
These binaries (installable software) and packages are in development.
They may not be fully stable and should be used with caution. We make no claims about them.