Last updated on 2024-07-27 15:50:15 CEST.
Flavor | Version | Tinstall | Tcheck | Ttotal | Status | Flags |
---|---|---|---|---|---|---|
r-devel-linux-x86_64-debian-clang | 0.99.54 | 92.41 | 440.35 | 532.76 | NOTE | |
r-devel-linux-x86_64-debian-gcc | 0.99.54 | NOTE | ||||
r-devel-linux-x86_64-fedora-clang | 0.99.54 | 703.55 | NOTE | |||
r-devel-linux-x86_64-fedora-gcc | 0.99.54 | 643.89 | NOTE | |||
r-devel-windows-x86_64 | 0.99.54 | 93.00 | 431.00 | 524.00 | NOTE | |
r-patched-linux-x86_64 | 0.99.54 | NOTE | ||||
r-release-linux-x86_64 | 0.99.54 | 92.83 | 414.64 | 507.47 | NOTE | |
r-release-macos-arm64 | 0.99.54 | 151.00 | NOTE | |||
r-release-macos-x86_64 | 0.99.54 | 230.00 | NOTE | |||
r-release-windows-x86_64 | 0.99.54 | 100.00 | 440.00 | 540.00 | NOTE | |
r-oldrel-macos-arm64 | 0.99.54 | 164.00 | NOTE | |||
r-oldrel-macos-x86_64 | 0.99.54 | 332.00 | NOTE | |||
r-oldrel-windows-x86_64 | 0.99.54 | 114.00 | 534.00 | 648.00 | NOTE |
Version: 0.99.54
Check: package dependencies
Result: NOTE
Package suggested but not available for checking: ‘RDCOMClient’
Flavors: r-devel-linux-x86_64-debian-clang, r-devel-linux-x86_64-debian-gcc, r-devel-linux-x86_64-fedora-clang, r-devel-linux-x86_64-fedora-gcc, r-devel-windows-x86_64, r-patched-linux-x86_64, r-release-linux-x86_64, r-release-macos-arm64, r-release-macos-x86_64, r-release-windows-x86_64, r-oldrel-macos-arm64, r-oldrel-macos-x86_64, r-oldrel-windows-x86_64
Version: 0.99.54
Check: compiled code
Result: NOTE
File ‘DescTools/libs/DescTools.so’:
Found non-API call to R: ‘SET_TYPEOF’
Compiled code should not call non-API entry points in R.
See ‘Writing portable packages’ in the ‘Writing R Extensions’ manual,
and section ‘Moving into C API compliance’ for issues with the use of
non-API entry points.
Flavors: r-devel-linux-x86_64-debian-clang, r-devel-linux-x86_64-debian-gcc, r-devel-linux-x86_64-fedora-clang, r-devel-linux-x86_64-fedora-gcc
Version: 0.99.54
Check: Rd cross-references
Result: NOTE
Found the following Rd file(s) with Rd \link{} targets missing package
anchors:
BootCI.Rd: boot.ci
Gmean.Rd: boot.ci, boot
Hmean.Rd: boot.ci, boot
HuberM.Rd: boot
MeanCI.Rd: boot.ci, boot
MeanDiffCI.Rd: boot.ci, boot
MedianCI.Rd: boot.ci
QuantileCI.Rd: boot.ci
Rank.Rd: forder, frankv, data.table, setkey, setorder
Skew.Rd: boot
TukeyBiweight.Rd: boot
VarCI.Rd: boot.ci, boot
Please provide package anchors for all Rd \link{} targets not in the
package itself and the base packages.
Flavors: r-devel-linux-x86_64-debian-gcc, r-devel-windows-x86_64
Version: 0.99.54
Check: installed package size
Result: NOTE
installed size is 6.1Mb
sub-directories of 1Mb or more:
R 1.7Mb
doc 1.8Mb
help 1.6Mb
Flavors: r-devel-linux-x86_64-fedora-clang, r-devel-windows-x86_64, r-release-macos-arm64, r-release-macos-x86_64, r-release-windows-x86_64, r-oldrel-macos-arm64, r-oldrel-macos-x86_64, r-oldrel-windows-x86_64
Version: 0.99.54
Check: Rd cross-references
Result: NOTE
Undeclared packages ‘ineq’, ‘randtests’, ‘Hmisc’, ‘plotrix’, ‘caret’, ‘pcaPP’, ‘polycor’, ‘lmtest’, ‘car’, ‘gmp’, ‘vcdExtra’, ‘chron’, ‘coin’, ‘caTools’, ‘forecast’, ‘sfsmisc’, ‘vcd’, ‘areaplot’, ‘corrgram’, ‘UsingR’, ‘memisc’, ‘gtools’, ‘BSDA’, ‘prettyR’ in Rd xrefs
Flavor: r-devel-linux-x86_64-fedora-clang
Version: 0.99.54
Check: compiled code
Result: NOTE
File 'DescTools/libs/x64/DescTools.dll':
Found non-API call to R: 'SET_TYPEOF'
Compiled code should not call non-API entry points in R.
See 'Writing portable packages' in the 'Writing R Extensions' manual,
and section 'Moving into C API compliance' for issues with the use of
non-API entry points.
Flavor: r-devel-windows-x86_64
These binaries (installable software) and packages are in development.
They may not be fully stable and should be used with caution. We make no claims about them.