CRAN Package Check Results for Package DetMCD

Last updated on 2025-05-21 21:49:14 CEST.

Flavor Version Tinstall Tcheck Ttotal Status Flags
r-devel-linux-x86_64-debian-clang 0.0.5 37.34 23.82 61.16 OK
r-devel-linux-x86_64-debian-gcc 0.0.5 28.92 22.27 51.19 OK
r-devel-linux-x86_64-fedora-clang 0.0.5 101.82 OK
r-devel-linux-x86_64-fedora-gcc 0.0.5 116.97 OK
r-devel-windows-x86_64 0.0.5 40.00 58.00 98.00 OK
r-patched-linux-x86_64 0.0.5 38.86 26.41 65.27 OK
r-release-linux-x86_64 0.0.5 39.35 26.53 65.88 OK
r-release-macos-arm64 0.0.5 37.00 OK
r-release-macos-x86_64 0.0.5 84.00 OK
r-release-windows-x86_64 0.0.5 39.00 59.00 98.00 OK
r-oldrel-macos-arm64 0.0.5 32.00 NOTE
r-oldrel-macos-x86_64 0.0.5 74.00 NOTE
r-oldrel-windows-x86_64 0.0.5 46.00 57.00 103.00 OK

Check Details

Version: 0.0.5
Check: installed package size
Result: NOTE installed size is 17.9Mb sub-directories of 1Mb or more: libs 17.8Mb Flavors: r-oldrel-macos-arm64, r-oldrel-macos-x86_64

These binaries (installable software) and packages are in development.
They may not be fully stable and should be used with caution. We make no claims about them.