CRAN Package Check Results for Package DetMCD

Last updated on 2025-07-22 13:49:11 CEST.

Flavor Version Tinstall Tcheck Ttotal Status Flags
r-devel-linux-x86_64-debian-clang 0.0.5 35.75 23.89 59.64 OK
r-devel-linux-x86_64-debian-gcc 0.0.5 29.32 22.45 51.77 OK
r-devel-linux-x86_64-fedora-clang 0.0.5 103.05 OK
r-devel-linux-x86_64-fedora-gcc 0.0.5 114.67 OK
r-devel-windows-x86_64 0.0.5 38.00 57.00 95.00 OK
r-patched-linux-x86_64 0.0.5 36.18 26.57 62.75 OK
r-release-linux-x86_64 0.0.5 39.31 27.12 66.43 OK
r-release-macos-arm64 0.0.5 37.00 OK
r-release-macos-x86_64 0.0.5 84.00 OK
r-release-windows-x86_64 0.0.5 38.00 51.00 89.00 OK
r-oldrel-macos-arm64 0.0.5 32.00 NOTE
r-oldrel-macos-x86_64 0.0.5 74.00 NOTE
r-oldrel-windows-x86_64 0.0.5 46.00 59.00 105.00 OK

Check Details

Version: 0.0.5
Check: installed package size
Result: NOTE installed size is 17.9Mb sub-directories of 1Mb or more: libs 17.8Mb Flavors: r-oldrel-macos-arm64, r-oldrel-macos-x86_64

These binaries (installable software) and packages are in development.
They may not be fully stable and should be used with caution. We make no claims about them.