Last updated on 2025-11-16 03:49:53 CET.
| Flavor | Version | Tinstall | Tcheck | Ttotal | Status | Flags |
|---|---|---|---|---|---|---|
| r-devel-linux-x86_64-debian-clang | 0.7.6 | 5.19 | 81.21 | 86.40 | NOTE | |
| r-devel-linux-x86_64-debian-gcc | 0.7.6 | 3.75 | 63.33 | 67.08 | NOTE | |
| r-devel-linux-x86_64-fedora-clang | 0.7.6 | 14.00 | 104.04 | 118.04 | OK | |
| r-devel-linux-x86_64-fedora-gcc | 0.7.6 | 12.00 | 121.72 | 133.72 | OK | |
| r-devel-windows-x86_64 | 0.7.6 | 13.00 | 185.00 | 198.00 | OK | |
| r-patched-linux-x86_64 | 0.7.6 | 10.30 | 75.49 | 85.79 | OK | |
| r-release-linux-x86_64 | 0.7.6 | 5.18 | 75.13 | 80.31 | OK | |
| r-release-macos-arm64 | 0.7.6 | 3.00 | 38.00 | 41.00 | OK | |
| r-release-macos-x86_64 | 0.7.6 | 7.00 | 79.00 | 86.00 | OK | |
| r-release-windows-x86_64 | 0.7.6 | 12.00 | 184.00 | 196.00 | OK | |
| r-oldrel-macos-arm64 | 0.7.6 | 3.00 | 36.00 | 39.00 | OK | |
| r-oldrel-macos-x86_64 | 0.7.6 | 5.00 | 59.00 | 64.00 | OK | |
| r-oldrel-windows-x86_64 | 0.7.6 | 12.00 | 199.00 | 211.00 | OK |
Version: 0.7.6
Check: CRAN incoming feasibility
Result: NOTE
Maintainer: ‘John Verzani <jverzani@gmail.com>’
No Authors@R field in DESCRIPTION.
Please add one, modifying
Authors@R: c(person(given = c("Original", "by", "Jay", "L."),
family = "Devore",
role = "aut"),
person(given = c("modifications", "by", "Douglas"),
family = "Bates",
role = "aut",
email = "bates@stat.wisc.edu"),
person(given = c("modifications", "for", "7th", "edition", "by", "John"),
family = "Verzani.",
role = "aut"),
person(given = "John",
family = "Verzani",
role = "cre",
email = "jverzani@gmail.com"))
as necessary.
Flavors: r-devel-linux-x86_64-debian-clang, r-devel-linux-x86_64-debian-gcc
These binaries (installable software) and packages are in development.
They may not be fully stable and should be used with caution. We make no claims about them.