Last updated on 2025-05-01 14:49:07 CEST.
Flavor | Version | Tinstall | Tcheck | Ttotal | Status | Flags |
---|---|---|---|---|---|---|
r-devel-linux-x86_64-debian-clang | 0.7.6 | 5.69 | 71.43 | 77.12 | NOTE | |
r-devel-linux-x86_64-debian-gcc | 0.7.6 | 4.31 | 50.90 | 55.21 | NOTE | |
r-devel-linux-x86_64-fedora-clang | 0.7.6 | 114.91 | OK | |||
r-devel-linux-x86_64-fedora-gcc | 0.7.6 | 123.11 | OK | |||
r-devel-windows-x86_64 | 0.7.6 | 11.00 | 200.00 | 211.00 | OK | |
r-patched-linux-x86_64 | 0.7.6 | 10.71 | 67.44 | 78.15 | OK | |
r-release-linux-x86_64 | OK | |||||
r-release-macos-arm64 | 0.7.6 | 41.00 | OK | |||
r-release-macos-x86_64 | 0.7.6 | 86.00 | OK | |||
r-release-windows-x86_64 | 0.7.6 | 10.00 | 292.00 | 302.00 | OK | |
r-oldrel-macos-arm64 | 0.7.6 | 39.00 | OK | |||
r-oldrel-macos-x86_64 | 0.7.6 | 64.00 | OK | |||
r-oldrel-windows-x86_64 | 0.7.6 | 9.00 | 195.00 | 204.00 | OK |
Version: 0.7.6
Check: CRAN incoming feasibility
Result: NOTE
Maintainer: ‘John Verzani <jverzani@gmail.com>’
No Authors@R field in DESCRIPTION.
Please add one, modifying
Authors@R: c(person(given = c("Original", "by", "Jay", "L."),
family = "Devore",
role = "aut"),
person(given = c("modifications", "by", "Douglas"),
family = "Bates",
role = "aut",
email = "bates@stat.wisc.edu"),
person(given = c("modifications", "for", "7th", "edition", "by", "John"),
family = "Verzani.",
role = "aut"),
person(given = "John",
family = "Verzani",
role = "cre",
email = "jverzani@gmail.com"))
as necessary.
Flavors: r-devel-linux-x86_64-debian-clang, r-devel-linux-x86_64-debian-gcc
These binaries (installable software) and packages are in development.
They may not be fully stable and should be used with caution. We make no claims about them.