Last updated on 2025-07-02 03:50:39 CEST.
Flavor | Version | Tinstall | Tcheck | Ttotal | Status | Flags |
---|---|---|---|---|---|---|
r-devel-linux-x86_64-debian-clang | 0.4.2 | 5.74 | 52.25 | 57.99 | NOTE | |
r-devel-linux-x86_64-debian-gcc | 0.4.2 | 3.84 | 36.80 | 40.64 | NOTE | |
r-devel-linux-x86_64-fedora-clang | 0.4.2 | 88.07 | OK | |||
r-devel-linux-x86_64-fedora-gcc | 0.4.2 | 83.19 | OK | |||
r-devel-windows-x86_64 | 0.4.2 | 8.00 | 70.00 | 78.00 | OK | |
r-patched-linux-x86_64 | OK | |||||
r-release-linux-x86_64 | 0.4.2 | 4.41 | 48.51 | 52.92 | OK | |
r-release-macos-arm64 | 0.4.2 | 29.00 | OK | |||
r-release-macos-x86_64 | 0.4.2 | 54.00 | OK | |||
r-release-windows-x86_64 | 0.4.2 | 8.00 | 66.00 | 74.00 | OK | |
r-oldrel-macos-arm64 | 0.4.2 | 30.00 | OK | |||
r-oldrel-macos-x86_64 | 0.4.2 | 45.00 | OK | |||
r-oldrel-windows-x86_64 | 0.4.2 | 9.00 | 82.00 | 91.00 | OK |
Version: 0.4.2
Check: CRAN incoming feasibility
Result: NOTE
Maintainer: ‘Leihong Wu <leihong.wu@fda.hhs.gov>’
No Authors@R field in DESCRIPTION.
Please add one, modifying
Authors@R: c(person(given = "Leihong",
family = "Wu",
role = c("aut", "cre"),
email = "leihong.wu@fda.hhs.gov"),
person(given = "Weida",
family = "Tong",
role = "aut",
comment = "Weida.tong@fda.hhs.gov"))
as necessary.
Flavors: r-devel-linux-x86_64-debian-clang, r-devel-linux-x86_64-debian-gcc
These binaries (installable software) and packages are in development.
They may not be fully stable and should be used with caution. We make no claims about them.