Last updated on 2025-02-16 10:50:44 CET.
Flavor | Version | Tinstall | Tcheck | Ttotal | Status | Flags |
---|---|---|---|---|---|---|
r-devel-linux-x86_64-debian-clang | 0.6.4 | 2.95 | 29.99 | 32.94 | OK | |
r-devel-linux-x86_64-debian-gcc | 0.6.4 | 2.56 | 22.23 | 24.79 | OK | |
r-devel-linux-x86_64-fedora-clang | 0.6.4 | 55.95 | OK | |||
r-devel-linux-x86_64-fedora-gcc | 0.6.4 | 52.47 | OK | |||
r-devel-macos-arm64 | 0.6.4 | 20.00 | OK | |||
r-devel-macos-x86_64 | 0.6.4 | 33.00 | OK | |||
r-devel-windows-x86_64 | 0.6.4 | 4.00 | 57.00 | 61.00 | OK | |
r-patched-linux-x86_64 | 0.6.4 | 2.78 | 28.35 | 31.13 | NOTE | |
r-release-linux-x86_64 | 0.6.4 | 2.94 | 28.60 | 31.54 | NOTE | |
r-release-macos-arm64 | 0.6.4 | 21.00 | NOTE | |||
r-release-macos-x86_64 | 0.6.4 | 32.00 | NOTE | |||
r-release-windows-x86_64 | 0.6.4 | 4.00 | 58.00 | 62.00 | NOTE | |
r-oldrel-macos-arm64 | 0.6.4 | 22.00 | NOTE | |||
r-oldrel-macos-x86_64 | 0.6.4 | 31.00 | NOTE | |||
r-oldrel-windows-x86_64 | 0.6.4 | 5.00 | 65.00 | 70.00 | NOTE |
Version: 0.6.4
Check: package dependencies
Result: NOTE
Package suggested but not available for checking: ‘rrelaxiv’
Flavors: r-patched-linux-x86_64, r-release-linux-x86_64, r-release-macos-arm64, r-release-macos-x86_64, r-release-windows-x86_64, r-oldrel-macos-arm64, r-oldrel-macos-x86_64, r-oldrel-windows-x86_64
These binaries (installable software) and packages are in development.
They may not be fully stable and should be used with caution. We make no claims about them.