CRAN Package Check Results for Package DiSSMod

Last updated on 2025-05-01 14:49:08 CEST.

Flavor Version Tinstall Tcheck Ttotal Status Flags
r-devel-linux-x86_64-debian-clang 1.0.0 7.42 73.22 80.64 NOTE
r-devel-linux-x86_64-debian-gcc 1.0.0 4.43 50.16 54.59 NOTE
r-devel-linux-x86_64-fedora-clang 1.0.0 130.63 OK
r-devel-linux-x86_64-fedora-gcc 1.0.0 127.36 OK
r-devel-windows-x86_64 1.0.0 7.00 101.00 108.00 OK
r-patched-linux-x86_64 1.0.0 7.48 70.31 77.79 OK
r-release-linux-x86_64 OK
r-release-macos-arm64 1.0.0 38.00 OK
r-release-macos-x86_64 1.0.0 68.00 OK
r-release-windows-x86_64 1.0.0 7.00 105.00 112.00 OK
r-oldrel-macos-arm64 1.0.0 35.00 OK
r-oldrel-macos-x86_64 1.0.0 56.00 OK
r-oldrel-windows-x86_64 1.0.0 10.00 115.00 125.00 OK

Check Details

Version: 1.0.0
Check: CRAN incoming feasibility
Result: NOTE Maintainer: ‘Sang Kyu Lee <lsk0816@gmail.com>’ No Authors@R field in DESCRIPTION. Please add one, modifying Authors@R: c(person(given = c("Sang", "Kyu"), family = "Lee", role = c("aut", "cre"), email = "lsk0816@gmail.com"), person(given = "Adelchi", family = "Azzalini", role = "aut", email = "adelchi.azzalini@unipd.it"), person(given = "Hyoung-Moon", family = "Kim", role = "aut", email = "hmk966a@gmail.com")) as necessary. Package CITATION file contains call(s) to old-style personList() or as.personList(). Please use c() on person objects instead. Package CITATION file contains call(s) to old-style citEntry(). Please use bibentry() instead. Found the following URLs which should use \doi (with the DOI name only): File ‘CreditMDR.Rd’: https://doi.org/10.1007/s10260-018-0427-1 File ‘DiSSMod.Rd’: https://doi.org/10.1007/s10260-018-0427-1 File ‘DoctorRWM.Rd’: https://doi.org/10.1002/jae.680 https://doi.org/10.1007/s10260-018-0427-1 Flavors: r-devel-linux-x86_64-debian-clang, r-devel-linux-x86_64-debian-gcc

Version: 1.0.0
Check: examples
Result: NOTE Examples with CPU (user + system) or elapsed time > 5s user system elapsed DiSSMod 6.860 0.102 11.211 coef.DiSSMod 6.926 0.003 11.697 summary.DiSSMod 6.822 0.010 8.896 plot.DiSSMod 6.768 0.000 9.298 confint.DiSSMod 6.630 0.012 8.680 Flavor: r-devel-linux-x86_64-debian-clang

Version: 1.0.0
Check: examples
Result: NA user system elapsed coef.DiSSMod 5.198 0.000 6.185 summary.DiSSMod 4.585 0.004 5.311 DiSSMod 4.381 0.044 6.234 plot.DiSSMod 4.177 0.007 5.192 OK Flavor: r-devel-linux-x86_64-debian-gcc

These binaries (installable software) and packages are in development.
They may not be fully stable and should be used with caution. We make no claims about them.