Last updated on 2025-11-11 15:50:32 CET.
| Flavor | Version | Tinstall | Tcheck | Ttotal | Status | Flags |
|---|---|---|---|---|---|---|
| r-devel-linux-x86_64-debian-clang | 1.0.11 | 19.59 | 202.09 | 221.68 | OK | |
| r-devel-linux-x86_64-debian-gcc | 1.0.11 | 11.76 | 130.87 | 142.63 | OK | |
| r-devel-linux-x86_64-fedora-clang | 1.0.11 | 39.00 | 297.56 | 336.56 | OK | |
| r-devel-linux-x86_64-fedora-gcc | 1.0.11 | 70.00 | 268.73 | 338.73 | OK | |
| r-devel-windows-x86_64 | 1.0.11 | 22.00 | 267.00 | 289.00 | OK | |
| r-patched-linux-x86_64 | 1.0.11 | 23.32 | 192.42 | 215.74 | OK | |
| r-release-linux-x86_64 | 1.0.11 | 16.19 | 191.56 | 207.75 | OK | |
| r-release-macos-arm64 | 1.0.11 | 8.00 | 77.00 | 85.00 | OK | |
| r-release-macos-x86_64 | 1.0.11 | 16.00 | 162.00 | 178.00 | OK | |
| r-release-windows-x86_64 | 1.0.11 | 23.00 | 267.00 | 290.00 | OK | |
| r-oldrel-macos-arm64 | 1.0.11 | 9.00 | 79.00 | 88.00 | NOTE | |
| r-oldrel-macos-x86_64 | 1.0.11 | 12.00 | 117.00 | 129.00 | OK | |
| r-oldrel-windows-x86_64 | 1.0.11 | 30.00 | 329.00 | 359.00 | OK |
Version: 1.0.11
Check: package dependencies
Result: NOTE
Package suggested but not available for checking: ‘testthat’
Flavor: r-oldrel-macos-arm64
These binaries (installable software) and packages are in development.
They may not be fully stable and should be used with caution. We make no claims about them.