Last updated on 2025-05-08 04:52:03 CEST.
Flavor | Version | Tinstall | Tcheck | Ttotal | Status | Flags |
---|---|---|---|---|---|---|
r-devel-linux-x86_64-debian-clang | 1.0.11 | 19.84 | 196.22 | 216.06 | OK | |
r-devel-linux-x86_64-debian-gcc | 1.0.11 | 12.08 | 128.53 | 140.61 | OK | |
r-devel-linux-x86_64-fedora-clang | 1.0.11 | 345.33 | OK | |||
r-devel-linux-x86_64-fedora-gcc | 1.0.11 | 318.27 | OK | |||
r-devel-windows-x86_64 | 1.0.11 | 21.00 | 264.00 | 285.00 | OK | |
r-patched-linux-x86_64 | 1.0.11 | 22.93 | 184.44 | 207.37 | OK | |
r-release-linux-x86_64 | 1.0.11 | 15.97 | 185.00 | 200.97 | OK | |
r-release-macos-arm64 | 1.0.11 | 85.00 | OK | |||
r-release-macos-x86_64 | 1.0.11 | 178.00 | OK | |||
r-release-windows-x86_64 | 1.0.11 | 24.00 | 266.00 | 290.00 | OK | |
r-oldrel-macos-arm64 | 1.0.11 | 88.00 | NOTE | |||
r-oldrel-macos-x86_64 | 1.0.11 | 129.00 | OK | |||
r-oldrel-windows-x86_64 | 1.0.11 | 31.00 | 339.00 | 370.00 | OK |
Version: 1.0.11
Check: package dependencies
Result: NOTE
Package suggested but not available for checking: ‘testthat’
Flavor: r-oldrel-macos-arm64
These binaries (installable software) and packages are in development.
They may not be fully stable and should be used with caution. We make no claims about them.