Last updated on 2025-07-02 03:50:39 CEST.
Flavor | Version | Tinstall | Tcheck | Ttotal | Status | Flags |
---|---|---|---|---|---|---|
r-devel-linux-x86_64-debian-clang | 1.0.11 | 16.07 | 197.45 | 213.52 | OK | |
r-devel-linux-x86_64-debian-gcc | 1.0.11 | 10.35 | 126.76 | 137.11 | OK | |
r-devel-linux-x86_64-fedora-clang | 1.0.11 | 329.06 | OK | |||
r-devel-linux-x86_64-fedora-gcc | 1.0.11 | 315.94 | OK | |||
r-devel-windows-x86_64 | 1.0.11 | 21.00 | 258.00 | 279.00 | OK | |
r-patched-linux-x86_64 | OK | |||||
r-release-linux-x86_64 | 1.0.11 | 17.10 | 186.66 | 203.76 | OK | |
r-release-macos-arm64 | 1.0.11 | 85.00 | OK | |||
r-release-macos-x86_64 | 1.0.11 | 178.00 | OK | |||
r-release-windows-x86_64 | 1.0.11 | 24.00 | 263.00 | 287.00 | OK | |
r-oldrel-macos-arm64 | 1.0.11 | 88.00 | NOTE | |||
r-oldrel-macos-x86_64 | 1.0.11 | 129.00 | OK | |||
r-oldrel-windows-x86_64 | 1.0.11 | 33.00 | 334.00 | 367.00 | OK |
Version: 1.0.11
Check: package dependencies
Result: NOTE
Package suggested but not available for checking: ‘testthat’
Flavor: r-oldrel-macos-arm64
These binaries (installable software) and packages are in development.
They may not be fully stable and should be used with caution. We make no claims about them.