Last updated on 2025-02-16 10:50:44 CET.
Flavor | Version | Tinstall | Tcheck | Ttotal | Status | Flags |
---|---|---|---|---|---|---|
r-devel-linux-x86_64-debian-clang | 1.0.11 | 16.27 | 192.76 | 209.03 | OK | |
r-devel-linux-x86_64-debian-gcc | 1.0.11 | 11.38 | 123.20 | 134.58 | OK | |
r-devel-linux-x86_64-fedora-clang | 1.0.11 | 336.81 | OK | |||
r-devel-linux-x86_64-fedora-gcc | 1.0.11 | 309.70 | OK | |||
r-devel-macos-arm64 | 1.0.11 | 84.00 | OK | |||
r-devel-macos-x86_64 | 1.0.11 | 194.00 | OK | |||
r-devel-windows-x86_64 | 1.0.11 | 24.00 | 257.00 | 281.00 | OK | |
r-patched-linux-x86_64 | 1.0.11 | 23.23 | 178.60 | 201.83 | OK | |
r-release-linux-x86_64 | 1.0.11 | 19.04 | 178.24 | 197.28 | OK | |
r-release-macos-arm64 | 1.0.11 | 88.00 | NOTE | |||
r-release-macos-x86_64 | 1.0.11 | 129.00 | OK | |||
r-release-windows-x86_64 | 1.0.11 | 24.00 | 254.00 | 278.00 | OK | |
r-oldrel-macos-arm64 | 1.0.11 | 96.00 | OK | |||
r-oldrel-macos-x86_64 | 1.0.11 | 181.00 | OK | |||
r-oldrel-windows-x86_64 | 1.0.11 | 29.00 | 315.00 | 344.00 | OK |
Version: 1.0.11
Check: package dependencies
Result: NOTE
Package suggested but not available for checking: ‘testthat’
Flavor: r-release-macos-arm64
These binaries (installable software) and packages are in development.
They may not be fully stable and should be used with caution. We make no claims about them.