Last updated on 2024-07-27 15:50:15 CEST.
Flavor | Version | Tinstall | Tcheck | Ttotal | Status | Flags |
---|---|---|---|---|---|---|
r-devel-linux-x86_64-debian-clang | 1.0.11 | 22.08 | 246.82 | 268.90 | OK | |
r-devel-linux-x86_64-debian-gcc | 1.0.11 | OK | ||||
r-devel-linux-x86_64-fedora-clang | 1.0.11 | 329.63 | NOTE | |||
r-devel-linux-x86_64-fedora-gcc | 1.0.11 | 331.96 | NOTE | |||
r-devel-windows-x86_64 | 1.0.11 | 26.00 | 251.00 | 277.00 | OK | |
r-patched-linux-x86_64 | 1.0.11 | OK | ||||
r-release-linux-x86_64 | 1.0.11 | 14.49 | 234.86 | 249.35 | OK | |
r-release-macos-arm64 | 1.0.11 | 88.00 | NOTE | |||
r-release-macos-x86_64 | 1.0.11 | 129.00 | OK | |||
r-release-windows-x86_64 | 1.0.11 | 21.00 | 256.00 | 277.00 | OK | |
r-oldrel-macos-arm64 | 1.0.11 | 96.00 | OK | |||
r-oldrel-macos-x86_64 | 1.0.11 | 181.00 | OK | |||
r-oldrel-windows-x86_64 | 1.0.11 | 30.00 | 307.00 | 337.00 | OK |
Version: 1.0.11
Check: data for non-ASCII characters
Result: NOTE
Note: found 1 marked UTF-8 string
Flavors: r-devel-linux-x86_64-fedora-clang, r-devel-linux-x86_64-fedora-gcc
Version: 1.0.11
Check: package dependencies
Result: NOTE
Package suggested but not available for checking: ‘testthat’
Flavor: r-release-macos-arm64
These binaries (installable software) and packages are in development.
They may not be fully stable and should be used with caution. We make no claims about them.