Last updated on 2025-11-14 13:56:29 CET.
| Flavor | Version | Tinstall | Tcheck | Ttotal | Status | Flags |
|---|---|---|---|---|---|---|
| r-devel-linux-x86_64-debian-clang | 1.10 | 6.16 | 51.58 | 57.74 | NOTE | |
| r-devel-linux-x86_64-debian-gcc | 1.10 | 3.91 | 34.58 | 38.49 | NOTE | |
| r-devel-linux-x86_64-fedora-clang | 1.10 | 15.00 | 74.10 | 89.10 | OK | |
| r-devel-linux-x86_64-fedora-gcc | 1.10 | 24.00 | 65.11 | 89.11 | OK | |
| r-devel-windows-x86_64 | 1.10 | 11.00 | 74.00 | 85.00 | OK | |
| r-patched-linux-x86_64 | 1.10 | 5.67 | 50.29 | 55.96 | OK | |
| r-release-linux-x86_64 | 1.10 | 5.27 | 49.42 | 54.69 | OK | |
| r-release-macos-arm64 | 1.10 | 4.00 | 25.00 | 29.00 | OK | |
| r-release-macos-x86_64 | 1.10 | 7.00 | 45.00 | 52.00 | OK | |
| r-release-windows-x86_64 | 1.10 | 10.00 | 72.00 | 82.00 | OK | |
| r-oldrel-macos-arm64 | 1.10 | 3.00 | 28.00 | 31.00 | OK | |
| r-oldrel-macos-x86_64 | 1.10 | 5.00 | 35.00 | 40.00 | OK | |
| r-oldrel-windows-x86_64 | 1.10 | 9.00 | 83.00 | 92.00 | OK |
Version: 1.10
Check: CRAN incoming feasibility
Result: NOTE
Maintainer: ‘Celine Helbert <Celine.Helbert@ec-lyon.fr>’
No Authors@R field in DESCRIPTION.
Please add one, modifying
Authors@R: c(person(given = "Jessica",
family = "Franco",
role = "aut"),
person(given = "Delphine",
family = "Dupuy",
role = "aut"),
person(given = "Olivier",
family = "Roustant",
role = "aut"),
person(given = "Patrice",
family = "Kiener",
role = "aut"),
person(given = "Guillaume",
family = "Damblin",
role = "aut"),
person(given = "Bertrand",
family = "Iooss.",
role = "aut"),
person(given = "Celine",
family = "Helbert",
role = "cre",
email = "Celine.Helbert@ec-lyon.fr"))
as necessary.
Flavors: r-devel-linux-x86_64-debian-clang, r-devel-linux-x86_64-debian-gcc
These binaries (installable software) and packages are in development.
They may not be fully stable and should be used with caution. We make no claims about them.