Last updated on 2025-10-27 13:50:00 CET.
| Flavor | Version | Tinstall | Tcheck | Ttotal | Status | Flags |
|---|---|---|---|---|---|---|
| r-devel-linux-x86_64-debian-clang | 0.1.1 | 1.54 | 20.77 | 22.31 | OK | |
| r-devel-linux-x86_64-debian-gcc | 0.1.1 | 1.34 | 16.84 | 18.18 | OK | |
| r-devel-linux-x86_64-fedora-clang | 0.1.1 | 32.75 | OK | |||
| r-devel-linux-x86_64-fedora-gcc | 0.1.1 | 31.22 | OK | |||
| r-devel-windows-x86_64 | 0.1.1 | 3.00 | 39.00 | 42.00 | OK | |
| r-patched-linux-x86_64 | 0.1.1 | 1.79 | 19.51 | 21.30 | OK | |
| r-release-linux-x86_64 | 0.1.1 | 1.51 | 19.43 | 20.94 | OK | |
| r-release-macos-arm64 | 0.1.1 | 1.00 | 15.00 | 16.00 | OK | |
| r-release-macos-x86_64 | 0.1.1 | 2.00 | 22.00 | 24.00 | OK | |
| r-release-windows-x86_64 | 0.1.1 | 3.00 | 40.00 | 43.00 | OK | |
| r-oldrel-macos-arm64 | 0.1.1 | 1.00 | 14.00 | 15.00 | NOTE | |
| r-oldrel-macos-x86_64 | 0.1.1 | 2.00 | 20.00 | 22.00 | NOTE | |
| r-oldrel-windows-x86_64 | 0.1.1 | 3.00 | 43.00 | 46.00 | NOTE |
Version: 0.1.1
Check: LazyData
Result: NOTE
'LazyData' is specified without a 'data' directory
Flavors: r-oldrel-macos-arm64, r-oldrel-macos-x86_64, r-oldrel-windows-x86_64
These binaries (installable software) and packages are in development.
They may not be fully stable and should be used with caution. We make no claims about them.