Last updated on 2025-10-23 23:49:27 CEST.
| Flavor | Version | Tinstall | Tcheck | Ttotal | Status | Flags |
|---|---|---|---|---|---|---|
| r-devel-linux-x86_64-debian-clang | 0.1.10 | 4.64 | 30.53 | 35.17 | NOTE | |
| r-devel-linux-x86_64-debian-gcc | 0.1.10 | 3.26 | 23.01 | 26.27 | NOTE | |
| r-devel-linux-x86_64-fedora-clang | 0.1.10 | 52.04 | OK | |||
| r-devel-linux-x86_64-fedora-gcc | 0.1.10 | 49.35 | OK | |||
| r-devel-windows-x86_64 | 0.1.10 | 8.00 | 52.00 | 60.00 | OK | |
| r-patched-linux-x86_64 | 0.1.10 | 4.28 | 29.01 | 33.29 | OK | |
| r-release-linux-x86_64 | 0.1.10 | 3.38 | 28.74 | 32.12 | OK | |
| r-release-macos-arm64 | 0.1.10 | 4.00 | 21.00 | 25.00 | OK | |
| r-release-macos-x86_64 | 0.1.10 | 5.00 | 29.00 | 34.00 | OK | |
| r-release-windows-x86_64 | 0.1.10 | 8.00 | 54.00 | 62.00 | OK | |
| r-oldrel-macos-arm64 | 0.1.10 | 4.00 | 19.00 | 23.00 | OK | |
| r-oldrel-macos-x86_64 | 0.1.10 | 6.00 | 43.00 | 49.00 | OK | |
| r-oldrel-windows-x86_64 | 0.1.10 | 10.00 | 63.00 | 73.00 | OK |
Version: 0.1.10
Check: CRAN incoming feasibility
Result: NOTE
Maintainer: ‘Eduardo García-Portugués <edgarcia@est-econ.uc3m.es>’
The BugReports field in DESCRIPTION has
https://github.com/egarpor/DirStats
which should likely be
https://github.com/egarpor/DirStats/issues
instead.
Flavors: r-devel-linux-x86_64-debian-clang, r-devel-linux-x86_64-debian-gcc
These binaries (installable software) and packages are in development.
They may not be fully stable and should be used with caution. We make no claims about them.