Last updated on 2025-02-16 10:50:44 CET.
Flavor | Version | Tinstall | Tcheck | Ttotal | Status | Flags |
---|---|---|---|---|---|---|
r-devel-linux-x86_64-debian-clang | 0.1.2 | 3.20 | 20.42 | 23.62 | OK | |
r-devel-linux-x86_64-debian-gcc | 0.1.2 | 2.66 | 16.35 | 19.01 | OK | |
r-devel-linux-x86_64-fedora-clang | 0.1.2 | 38.15 | OK | |||
r-devel-linux-x86_64-fedora-gcc | 0.1.2 | 35.80 | OK | |||
r-devel-macos-arm64 | 0.1.2 | 24.00 | OK | |||
r-devel-macos-x86_64 | 0.1.2 | 30.00 | OK | |||
r-devel-windows-x86_64 | 0.1.2 | 4.00 | 51.00 | 55.00 | OK | |
r-patched-linux-x86_64 | 0.1.2 | 2.83 | 19.42 | 22.25 | OK | |
r-release-linux-x86_64 | 0.1.2 | 2.99 | 19.30 | 22.29 | OK | |
r-release-macos-arm64 | 0.1.2 | 22.00 | OK | |||
r-release-macos-x86_64 | 0.1.2 | 51.00 | OK | |||
r-release-windows-x86_64 | 0.1.2 | 6.00 | 48.00 | 54.00 | OK | |
r-oldrel-macos-arm64 | 0.1.1 | 29.00 | NOTE | |||
r-oldrel-macos-x86_64 | 0.1.2 | 40.00 | NOTE | |||
r-oldrel-windows-x86_64 | 0.1.2 | 7.00 | 41.00 | 48.00 | OK |
Version: 0.1.1
Check: Rd cross-references
Result: NOTE
Package unavailable to check Rd xrefs: ‘airway’
Flavor: r-oldrel-macos-arm64
Version: 0.1.2
Check: Rd cross-references
Result: NOTE
Package unavailable to check Rd xrefs: ‘airway’
Flavor: r-oldrel-macos-x86_64
These binaries (installable software) and packages are in development.
They may not be fully stable and should be used with caution. We make no claims about them.