Last updated on 2025-05-01 10:50:07 CEST.
Flavor | Version | Tinstall | Tcheck | Ttotal | Status | Flags |
---|---|---|---|---|---|---|
r-devel-linux-x86_64-debian-clang | 1.0.0 | 16.85 | 90.59 | 107.44 | NOTE | |
r-devel-linux-x86_64-debian-gcc | 1.0.0 | 12.21 | 62.60 | 74.81 | OK | |
r-devel-linux-x86_64-fedora-clang | 1.0.0 | 181.62 | OK | |||
r-devel-linux-x86_64-fedora-gcc | 1.0.0 | 164.87 | OK | |||
r-devel-windows-x86_64 | 1.0.0 | 22.00 | 119.00 | 141.00 | OK | |
r-patched-linux-x86_64 | 1.0.0 | 16.70 | 85.33 | 102.03 | OK | |
r-release-linux-x86_64 | OK | |||||
r-release-macos-arm64 | 1.0.0 | 49.00 | OK | |||
r-release-macos-x86_64 | 1.0.0 | 96.00 | OK | |||
r-release-windows-x86_64 | 1.0.0 | 22.00 | 121.00 | 143.00 | OK | |
r-oldrel-macos-arm64 | 1.0.0 | 46.00 | OK | |||
r-oldrel-macos-x86_64 | 1.0.0 | 102.00 | OK | |||
r-oldrel-windows-x86_64 | 1.0.0 | 24.00 | 149.00 | 173.00 | OK |
Version: 1.0.0
Check: examples
Result: NOTE
Examples with CPU (user + system) or elapsed time > 5s
user system elapsed
HYPERPO2 4.492 0.004 5.444
GGEO 4.436 0.004 5.342
DGEII 4.372 0.020 6.189
Flavor: r-devel-linux-x86_64-debian-clang
These binaries (installable software) and packages are in development.
They may not be fully stable and should be used with caution. We make no claims about them.