Last updated on 2025-02-16 10:50:44 CET.
Flavor | Version | Tinstall | Tcheck | Ttotal | Status | Flags |
---|---|---|---|---|---|---|
r-devel-linux-x86_64-debian-clang | 0.2 | 1.92 | 21.71 | 23.63 | OK | |
r-devel-linux-x86_64-debian-gcc | 0.2 | 1.47 | 16.83 | 18.30 | OK | |
r-devel-linux-x86_64-fedora-clang | 0.2 | 37.95 | OK | |||
r-devel-linux-x86_64-fedora-gcc | 0.2 | 35.86 | OK | |||
r-devel-macos-arm64 | 0.2 | 17.00 | OK | |||
r-devel-macos-x86_64 | 0.2 | 28.00 | OK | |||
r-devel-windows-x86_64 | 0.2 | 3.00 | 44.00 | 47.00 | OK | |
r-patched-linux-x86_64 | 0.2 | 1.81 | 20.80 | 22.61 | NOTE | |
r-release-linux-x86_64 | 0.2 | 1.72 | 20.70 | 22.42 | NOTE | |
r-release-macos-arm64 | 0.2 | 17.00 | NOTE | |||
r-release-macos-x86_64 | 0.2 | 22.00 | NOTE | |||
r-release-windows-x86_64 | 0.2 | 3.00 | 50.00 | 53.00 | NOTE | |
r-oldrel-macos-arm64 | 0.2 | 17.00 | NOTE | |||
r-oldrel-macos-x86_64 | 0.2 | 22.00 | NOTE | |||
r-oldrel-windows-x86_64 | 0.2 | 3.00 | 70.00 | 73.00 | NOTE |
Version: 0.2
Check: LazyData
Result: NOTE
'LazyData' is specified without a 'data' directory
Flavors: r-patched-linux-x86_64, r-release-linux-x86_64, r-release-macos-arm64, r-release-macos-x86_64, r-release-windows-x86_64, r-oldrel-macos-arm64, r-oldrel-macos-x86_64, r-oldrel-windows-x86_64
These binaries (installable software) and packages are in development.
They may not be fully stable and should be used with caution. We make no claims about them.