Last updated on 2025-05-08 04:52:03 CEST.
Flavor | Version | Tinstall | Tcheck | Ttotal | Status | Flags |
---|---|---|---|---|---|---|
r-devel-linux-x86_64-debian-clang | 0.0.2 | 7.34 | 55.50 | 62.84 | NOTE | |
r-devel-linux-x86_64-debian-gcc | 0.0.2 | 5.11 | 39.16 | 44.27 | NOTE | |
r-devel-linux-x86_64-fedora-clang | 0.0.2 | 91.34 | OK | |||
r-devel-linux-x86_64-fedora-gcc | 0.0.2 | 87.37 | OK | |||
r-devel-windows-x86_64 | 0.0.2 | 9.00 | 64.00 | 73.00 | OK | |
r-patched-linux-x86_64 | 0.0.2 | 6.01 | 48.96 | 54.97 | OK | |
r-release-linux-x86_64 | 0.0.2 | 5.56 | 48.98 | 54.54 | OK | |
r-release-macos-arm64 | 0.0.2 | 34.00 | OK | |||
r-release-macos-x86_64 | 0.0.2 | 50.00 | OK | |||
r-release-windows-x86_64 | 0.0.2 | 8.00 | 70.00 | 78.00 | OK | |
r-oldrel-macos-arm64 | 0.0.2 | 28.00 | OK | |||
r-oldrel-macos-x86_64 | 0.0.2 | 41.00 | OK | |||
r-oldrel-windows-x86_64 | 0.0.2 | 11.00 | 82.00 | 93.00 | OK |
Version: 0.0.2
Check: CRAN incoming feasibility
Result: NOTE
Maintainer: ‘Christopher Casement <casementc@gmail.com>’
Package CITATION file contains call(s) to old-style personList() or
as.personList(). Please use c() on person objects instead.
Package CITATION file contains call(s) to old-style citEntry(). Please
use bibentry() instead.
Flavors: r-devel-linux-x86_64-debian-clang, r-devel-linux-x86_64-debian-gcc
These binaries (installable software) and packages are in development.
They may not be fully stable and should be used with caution. We make no claims about them.