Last updated on 2025-02-16 10:50:44 CET.
Flavor | Version | Tinstall | Tcheck | Ttotal | Status | Flags |
---|---|---|---|---|---|---|
r-devel-linux-x86_64-debian-clang | 2.0.0 | 11.56 | 176.25 | 187.81 | NOTE | |
r-devel-linux-x86_64-debian-gcc | 2.0.0 | 8.92 | 115.67 | 124.59 | NOTE | |
r-devel-linux-x86_64-fedora-clang | 2.0.0 | 301.54 | NOTE | |||
r-devel-linux-x86_64-fedora-gcc | 2.0.0 | 283.29 | NOTE | |||
r-devel-macos-arm64 | 2.0.0 | 76.00 | OK | |||
r-devel-macos-x86_64 | 2.0.0 | 176.00 | NOTE | |||
r-devel-windows-x86_64 | 2.0.0 | 13.00 | 171.00 | 184.00 | NOTE | |
r-patched-linux-x86_64 | 2.0.0 | 13.04 | 165.82 | 178.86 | OK | |
r-release-linux-x86_64 | 2.0.0 | 10.77 | 165.42 | 176.19 | OK | |
r-release-macos-arm64 | 2.0.0 | 75.00 | OK | |||
r-release-macos-x86_64 | 2.0.0 | 143.00 | OK | |||
r-release-windows-x86_64 | 2.0.0 | 14.00 | 178.00 | 192.00 | OK | |
r-oldrel-macos-arm64 | 2.0.0 | 77.00 | OK | |||
r-oldrel-macos-x86_64 | 2.0.0 | 148.00 | OK | |||
r-oldrel-windows-x86_64 | 2.0.0 | 17.00 | 220.00 | 237.00 | OK |
Version: 2.0.0
Check: DESCRIPTION meta-information
Result: NOTE
Missing dependency on R >= 4.1.0 because package code uses the pipe
|> or function shorthand \(...) syntax added in R 4.1.0.
File(s) using such syntax:
‘dht2.R’
Flavors: r-devel-linux-x86_64-debian-clang, r-devel-linux-x86_64-debian-gcc, r-devel-linux-x86_64-fedora-clang, r-devel-linux-x86_64-fedora-gcc, r-devel-macos-x86_64, r-devel-windows-x86_64
These binaries (installable software) and packages are in development.
They may not be fully stable and should be used with caution. We make no claims about them.