CRAN Package Check Results for Package Distributacalcul

Last updated on 2025-02-16 10:50:44 CET.

Flavor Version Tinstall Tcheck Ttotal Status Flags
r-devel-linux-x86_64-debian-clang 0.4.0 4.30 32.35 36.65 OK
r-devel-linux-x86_64-debian-gcc 0.4.0 3.12 23.97 27.09 OK
r-devel-linux-x86_64-fedora-clang 0.4.0 63.72 NOTE
r-devel-linux-x86_64-fedora-gcc 0.4.0 55.39 NOTE
r-devel-macos-arm64 0.4.0 22.00 OK
r-devel-macos-x86_64 0.4.0 41.00 OK
r-devel-windows-x86_64 0.4.0 7.00 56.00 63.00 OK
r-patched-linux-x86_64 0.4.0 5.69 30.89 36.58 OK
r-release-linux-x86_64 0.4.0 4.40 30.82 35.22 OK
r-release-macos-arm64 0.4.0 22.00 OK
r-release-macos-x86_64 0.4.0 31.00 OK
r-release-windows-x86_64 0.4.0 6.00 57.00 63.00 OK
r-oldrel-macos-arm64 0.4.0 25.00 OK
r-oldrel-macos-x86_64 0.4.0 38.00 OK
r-oldrel-windows-x86_64 0.4.0 7.00 63.00 70.00 OK

Check Details

Version: 0.4.0
Check: dependencies in R code
Result: NOTE Namespaces in Imports field not imported from: ‘dplyr’ ‘rlang’ All declared Imports should be used. Flavors: r-devel-linux-x86_64-fedora-clang, r-devel-linux-x86_64-fedora-gcc

These binaries (installable software) and packages are in development.
They may not be fully stable and should be used with caution. We make no claims about them.