Last updated on 2025-11-11 17:49:56 CET.
| Flavor | Version | Tinstall | Tcheck | Ttotal | Status | Flags |
|---|---|---|---|---|---|---|
| r-devel-linux-x86_64-debian-clang | 0.4.0 | 3.68 | 37.15 | 40.83 | OK | |
| r-devel-linux-x86_64-debian-gcc | 0.4.0 | 3.12 | 27.40 | 30.52 | OK | |
| r-devel-linux-x86_64-fedora-clang | 0.4.0 | 60.25 | NOTE | |||
| r-devel-linux-x86_64-fedora-gcc | 0.4.0 | 20.00 | 40.34 | 60.34 | NOTE | |
| r-devel-windows-x86_64 | 0.4.0 | 7.00 | 58.00 | 65.00 | OK | |
| r-patched-linux-x86_64 | 0.4.0 | 6.02 | 33.64 | 39.66 | OK | |
| r-release-linux-x86_64 | 0.4.0 | 4.35 | 33.78 | 38.13 | OK | |
| r-release-macos-arm64 | 0.4.0 | 3.00 | 23.00 | 26.00 | OK | |
| r-release-macos-x86_64 | 0.4.0 | 6.00 | 33.00 | 39.00 | OK | |
| r-release-windows-x86_64 | 0.4.0 | 6.00 | 57.00 | 63.00 | OK | |
| r-oldrel-macos-arm64 | 0.4.0 | 2.00 | 20.00 | 22.00 | OK | |
| r-oldrel-macos-x86_64 | 0.4.0 | 3.00 | 28.00 | 31.00 | OK | |
| r-oldrel-windows-x86_64 | 0.4.0 | 8.00 | 66.00 | 74.00 | OK |
Version: 0.4.0
Check: dependencies in R code
Result: NOTE
Namespaces in Imports field not imported from:
‘dplyr’ ‘rlang’
All declared Imports should be used.
Flavors: r-devel-linux-x86_64-fedora-clang, r-devel-linux-x86_64-fedora-gcc
These binaries (installable software) and packages are in development.
They may not be fully stable and should be used with caution. We make no claims about them.