Last updated on 2025-05-01 12:49:26 CEST.
Flavor | Version | Tinstall | Tcheck | Ttotal | Status | Flags |
---|---|---|---|---|---|---|
r-devel-linux-x86_64-debian-clang | 1.2.6 | 8.02 | 59.48 | 67.50 | NOTE | |
r-devel-linux-x86_64-debian-gcc | 1.2.6 | 5.26 | 43.35 | 48.61 | NOTE | |
r-devel-linux-x86_64-fedora-clang | 1.2.6 | 101.12 | OK | |||
r-devel-linux-x86_64-fedora-gcc | 1.2.6 | 88.29 | OK | |||
r-devel-windows-x86_64 | 1.2.6 | 10.00 | 71.00 | 81.00 | OK | |
r-patched-linux-x86_64 | 1.2.6 | 6.44 | 54.86 | 61.30 | OK | |
r-release-linux-x86_64 | OK | |||||
r-release-macos-arm64 | 1.2.6 | 39.00 | OK | |||
r-release-macos-x86_64 | 1.2.6 | 52.00 | OK | |||
r-release-windows-x86_64 | 1.2.6 | 9.00 | 71.00 | 80.00 | OK | |
r-oldrel-macos-arm64 | 1.2.6 | 31.00 | NOTE | |||
r-oldrel-macos-x86_64 | 1.2.6 | 44.00 | NOTE | |||
r-oldrel-windows-x86_64 | 1.2.6 | 11.00 | 87.00 | 98.00 | NOTE |
Version: 1.2.6
Check: CRAN incoming feasibility
Result: NOTE
Maintainer: ‘Florian Lerch <lerch@mathematik.uni-marburg.de>’
No Authors@R field in DESCRIPTION.
Please add one, modifying
Authors@R: c(person(given = "Florian",
family = "Lerch",
role = c("aut", "cre"),
email = "lerch@mathematik.uni-marburg.de"),
person(given = "Jorn",
family = "Lotsch",
role = "aut"),
person(given = "Alfred",
family = "Ultsch",
role = "aut"))
as necessary.
Flavors: r-devel-linux-x86_64-debian-clang, r-devel-linux-x86_64-debian-gcc
Version: 1.2.6
Check: LazyData
Result: NOTE
'LazyData' is specified without a 'data' directory
Flavors: r-oldrel-macos-arm64, r-oldrel-macos-x86_64, r-oldrel-windows-x86_64
These binaries (installable software) and packages are in development.
They may not be fully stable and should be used with caution. We make no claims about them.