CRAN Package Check Results for Package DistributionTest

Last updated on 2025-10-04 11:50:32 CEST.

Flavor Version Tinstall Tcheck Ttotal Status Flags
r-devel-linux-x86_64-debian-clang 1.1 2.97 29.89 32.86 NOTE
r-devel-linux-x86_64-debian-gcc 1.1 2.35 22.49 24.84 NOTE
r-devel-linux-x86_64-fedora-clang 1.1 49.22 OK
r-devel-linux-x86_64-fedora-gcc 1.1 48.56 OK
r-devel-windows-x86_64 1.1 3.00 47.00 50.00 OK
r-patched-linux-x86_64 1.1 2.41 28.36 30.77 OK
r-release-linux-x86_64 1.1 2.85 28.07 30.92 OK
r-release-macos-arm64 1.1 17.00 OK
r-release-macos-x86_64 1.1 31.00 OK
r-release-windows-x86_64 1.1 4.00 48.00 52.00 OK
r-oldrel-macos-arm64 1.1 17.00 NOTE
r-oldrel-macos-x86_64 1.1 25.00 NOTE
r-oldrel-windows-x86_64 1.1 5.00 59.00 64.00 NOTE

Check Details

Version: 1.1
Check: CRAN incoming feasibility
Result: NOTE Maintainer: ‘Ning Cui <2433971953@qq.com>’ No Authors@R field in DESCRIPTION. Please add one, modifying Authors@R: c(person(given = "Ning", family = "Cui", role = c("aut", "cre"), email = "2433971953@qq.com"), person(given = "Maoyuan", family = "Zhou", role = "ctb")) as necessary. Flavors: r-devel-linux-x86_64-debian-clang, r-devel-linux-x86_64-debian-gcc

Version: 1.1
Check: LazyData
Result: NOTE 'LazyData' is specified without a 'data' directory Flavors: r-oldrel-macos-arm64, r-oldrel-macos-x86_64, r-oldrel-windows-x86_64

These binaries (installable software) and packages are in development.
They may not be fully stable and should be used with caution. We make no claims about them.