Last updated on 2025-05-01 14:49:08 CEST.
Flavor | Version | Tinstall | Tcheck | Ttotal | Status | Flags |
---|---|---|---|---|---|---|
r-devel-linux-x86_64-debian-clang | 1.1 | 2.88 | 27.83 | 30.71 | NOTE | |
r-devel-linux-x86_64-debian-gcc | 1.1 | 1.97 | 20.77 | 22.74 | NOTE | |
r-devel-linux-x86_64-fedora-clang | 1.1 | 51.40 | OK | |||
r-devel-linux-x86_64-fedora-gcc | 1.1 | 46.74 | OK | |||
r-devel-windows-x86_64 | 1.1 | 4.00 | 49.00 | 53.00 | OK | |
r-patched-linux-x86_64 | 1.1 | 2.59 | 27.07 | 29.66 | OK | |
r-release-linux-x86_64 | OK | |||||
r-release-macos-arm64 | 1.1 | 17.00 | OK | |||
r-release-macos-x86_64 | 1.1 | 31.00 | OK | |||
r-release-windows-x86_64 | 1.1 | 3.00 | 124.00 | 127.00 | OK | |
r-oldrel-macos-arm64 | 1.1 | 17.00 | NOTE | |||
r-oldrel-macos-x86_64 | 1.1 | 25.00 | NOTE | |||
r-oldrel-windows-x86_64 | 1.1 | 3.00 | 51.00 | 54.00 | NOTE |
Version: 1.1
Check: CRAN incoming feasibility
Result: NOTE
Maintainer: ‘Ning Cui <2433971953@qq.com>’
No Authors@R field in DESCRIPTION.
Please add one, modifying
Authors@R: c(person(given = "Ning",
family = "Cui",
role = c("aut", "cre"),
email = "2433971953@qq.com"),
person(given = "Maoyuan",
family = "Zhou",
role = "ctb"))
as necessary.
Flavors: r-devel-linux-x86_64-debian-clang, r-devel-linux-x86_64-debian-gcc
Version: 1.1
Check: LazyData
Result: NOTE
'LazyData' is specified without a 'data' directory
Flavors: r-oldrel-macos-arm64, r-oldrel-macos-x86_64, r-oldrel-windows-x86_64
These binaries (installable software) and packages are in development.
They may not be fully stable and should be used with caution. We make no claims about them.