Last updated on 2025-05-03 22:49:51 CEST.
Flavor | Version | Tinstall | Tcheck | Ttotal | Status | Flags |
---|---|---|---|---|---|---|
r-devel-linux-x86_64-debian-clang | 1.3 | 4.86 | 38.16 | 43.02 | NOTE | |
r-devel-linux-x86_64-debian-gcc | 1.3 | 3.11 | 28.38 | 31.49 | NOTE | |
r-devel-linux-x86_64-fedora-clang | 1.3 | 69.95 | OK | |||
r-devel-linux-x86_64-fedora-gcc | 1.3 | 63.31 | OK | |||
r-devel-windows-x86_64 | 1.3 | 6.00 | 58.00 | 64.00 | OK | |
r-patched-linux-x86_64 | 1.3 | 4.56 | 36.76 | 41.32 | OK | |
r-release-linux-x86_64 | OK | |||||
r-release-macos-arm64 | 1.3 | 25.00 | OK | |||
r-release-macos-x86_64 | 1.3 | 39.00 | OK | |||
r-release-windows-x86_64 | 1.3 | 6.00 | 59.00 | 65.00 | OK | |
r-oldrel-macos-arm64 | 1.3 | 22.00 | OK | |||
r-oldrel-macos-x86_64 | 1.3 | 33.00 | OK | |||
r-oldrel-windows-x86_64 | 1.3 | 7.00 | 67.00 | 74.00 | OK |
Version: 1.3
Check: CRAN incoming feasibility
Result: NOTE
Maintainer: ‘Daniel Laydon <d.laydon@imperial.ac.uk>’
No Authors@R field in DESCRIPTION.
Please add one, modifying
Authors@R: c(person(given = c("Daniel", "J."),
family = "Laydon",
role = "aut"),
person(given = "Aaron",
family = "Sim",
role = "aut"),
person(given = c("Charles", "R.M."),
family = "Bangham",
role = "aut"),
person(given = "Becca",
family = "Asquith",
role = "aut"),
person(given = "Daniel",
family = "Laydon",
role = "cre",
email = "d.laydon@imperial.ac.uk"))
as necessary.
Flavors: r-devel-linux-x86_64-debian-clang, r-devel-linux-x86_64-debian-gcc
These binaries (installable software) and packages are in development.
They may not be fully stable and should be used with caution. We make no claims about them.