Last updated on 2025-02-16 12:53:33 CET.
Flavor | Version | Tinstall | Tcheck | Ttotal | Status | Flags |
---|---|---|---|---|---|---|
r-devel-linux-x86_64-debian-clang | 0.2.3 | 7.10 | 73.21 | 80.31 | NOTE | |
r-devel-linux-x86_64-debian-gcc | 0.2.3 | 5.13 | 52.94 | 58.07 | NOTE | |
r-devel-linux-x86_64-fedora-clang | 0.2.3 | 126.00 | NOTE | |||
r-devel-linux-x86_64-fedora-gcc | 0.2.3 | 118.81 | NOTE | |||
r-devel-macos-arm64 | 0.2.3 | 39.00 | NOTE | |||
r-devel-macos-x86_64 | 0.2.3 | 78.00 | NOTE | |||
r-devel-windows-x86_64 | 0.2.3 | 8.00 | 108.00 | 116.00 | NOTE | |
r-patched-linux-x86_64 | 0.2.3 | 6.15 | 67.62 | 73.77 | NOTE | |
r-release-linux-x86_64 | 0.2.3 | 6.66 | 68.51 | 75.17 | NOTE | |
r-release-macos-arm64 | 0.2.3 | 36.00 | NOTE | |||
r-release-macos-x86_64 | 0.2.3 | 57.00 | NOTE | |||
r-release-windows-x86_64 | 0.2.3 | 8.00 | 106.00 | 114.00 | NOTE | |
r-oldrel-macos-arm64 | 0.2.3 | 42.00 | OK | |||
r-oldrel-macos-x86_64 | 0.2.3 | 97.00 | OK | |||
r-oldrel-windows-x86_64 | 0.2.3 | 10.00 | 110.00 | 120.00 | OK |
Version: 0.2.3
Check: Rd files
Result: NOTE
checkRd: (-1) py_select_interpreter.Rd:5: Lost braces; missing escapes or markup?
5 | \title{Tell {reticulate} to use Python Conda version available on Domino Data Lab.}
| ^
Flavors: r-devel-linux-x86_64-debian-clang, r-devel-linux-x86_64-debian-gcc, r-devel-linux-x86_64-fedora-clang, r-devel-linux-x86_64-fedora-gcc, r-devel-macos-arm64, r-devel-macos-x86_64, r-devel-windows-x86_64, r-patched-linux-x86_64, r-release-linux-x86_64, r-release-macos-arm64, r-release-macos-x86_64, r-release-windows-x86_64
These binaries (installable software) and packages are in development.
They may not be fully stable and should be used with caution. We make no claims about them.