CRAN Package Check Results for Package Dowd

Last updated on 2025-05-08 04:52:03 CEST.

Flavor Version Tinstall Tcheck Ttotal Status Flags
r-devel-linux-x86_64-debian-clang 0.12 16.57 121.49 138.06 NOTE
r-devel-linux-x86_64-debian-gcc 0.12 12.30 82.13 94.43 NOTE
r-devel-linux-x86_64-fedora-clang 0.12 217.84 OK
r-devel-linux-x86_64-fedora-gcc 0.12 204.79 OK
r-devel-windows-x86_64 0.12 20.00 154.00 174.00 OK
r-patched-linux-x86_64 0.12 19.49 113.44 132.93 OK
r-release-linux-x86_64 0.12 17.38 115.27 132.65 OK
r-release-macos-arm64 0.12 59.00 OK
r-release-macos-x86_64 0.12 114.00 OK
r-release-windows-x86_64 0.12 21.00 157.00 178.00 OK
r-oldrel-macos-arm64 0.12 52.00 OK
r-oldrel-macos-x86_64 0.12 80.00 OK
r-oldrel-windows-x86_64 0.12 27.00 188.00 215.00 OK

Check Details

Version: 0.12
Check: CRAN incoming feasibility
Result: NOTE Maintainer: ‘Dinesh Acharya <dines.acharya@gmail.com>’ No Authors@R field in DESCRIPTION. Please add one, modifying Authors@R: person(given = "Dinesh", family = "Acharya", role = c("aut", "cre"), email = "dines.acharya@gmail.com") as necessary. Flavors: r-devel-linux-x86_64-debian-clang, r-devel-linux-x86_64-debian-gcc

These binaries (installable software) and packages are in development.
They may not be fully stable and should be used with caution. We make no claims about them.