CRAN Package Check Results for Package DriftBurstHypothesis

Last updated on 2025-05-08 04:52:03 CEST.

Flavor Version Tinstall Tcheck Ttotal Status Flags
r-devel-linux-x86_64-debian-clang 0.4.0.1 26.25 42.17 68.42 NOTE
r-devel-linux-x86_64-debian-gcc 0.4.0.1 17.92 35.86 53.78 NOTE
r-devel-linux-x86_64-fedora-clang 0.4.0.1 125.39 NOTE
r-devel-linux-x86_64-fedora-gcc 0.4.0.1 115.54 NOTE
r-devel-windows-x86_64 0.4.0.1 34.00 72.00 106.00 NOTE
r-patched-linux-x86_64 0.4.0.1 28.62 40.74 69.36 NOTE
r-release-linux-x86_64 0.4.0.1 26.31 43.95 70.26 NOTE
r-release-macos-arm64 0.4.0.1 36.00 NOTE
r-release-macos-x86_64 0.4.0.1 53.00 NOTE
r-release-windows-x86_64 0.4.0.1 37.00 74.00 111.00 NOTE
r-oldrel-macos-arm64 0.4.0.1 33.00 NOTE
r-oldrel-macos-x86_64 0.4.0.1 41.00 NOTE
r-oldrel-windows-x86_64 0.4.0.1 40.00 88.00 128.00 NOTE

Check Details

Version: 0.4.0.1
Check: CRAN incoming feasibility
Result: NOTE Maintainer: ‘Emil Sjoerup <emilsjoerup@live.dk>’ No Authors@R field in DESCRIPTION. Please add one, modifying Authors@R: person(given = "Emil", family = "Sjoerup", role = c("aut", "cre"), email = "emilsjoerup@live.dk") as necessary. Flavors: r-devel-linux-x86_64-debian-clang, r-devel-linux-x86_64-debian-gcc

Version: 0.4.0.1
Check: C++ specification
Result: NOTE Specified C++11: please drop specification unless essential Flavors: r-devel-linux-x86_64-debian-clang, r-devel-linux-x86_64-debian-gcc, r-devel-linux-x86_64-fedora-clang, r-devel-linux-x86_64-fedora-gcc, r-devel-windows-x86_64, r-patched-linux-x86_64, r-release-linux-x86_64, r-release-macos-arm64, r-release-macos-x86_64, r-release-windows-x86_64, r-oldrel-macos-arm64, r-oldrel-macos-x86_64, r-oldrel-windows-x86_64

These binaries (installable software) and packages are in development.
They may not be fully stable and should be used with caution. We make no claims about them.