CRAN Package Check Results for Package DrillR

Last updated on 2025-05-08 04:52:03 CEST.

Flavor Version Tinstall Tcheck Ttotal Status Flags
r-devel-linux-x86_64-debian-clang 0.1 2.27 19.71 21.98 NOTE
r-devel-linux-x86_64-debian-gcc 0.1 1.47 16.03 17.50 NOTE
r-devel-linux-x86_64-fedora-clang 0.1 35.29 OK
r-devel-linux-x86_64-fedora-gcc 0.1 32.10 OK
r-devel-windows-x86_64 0.1 3.00 41.00 44.00 OK
r-patched-linux-x86_64 0.1 2.56 18.81 21.37 OK
r-release-linux-x86_64 0.1 2.26 19.05 21.31 OK
r-release-macos-arm64 0.1 19.00 OK
r-release-macos-x86_64 0.1 27.00 OK
r-release-windows-x86_64 0.1 4.00 44.00 48.00 OK
r-oldrel-macos-arm64 0.1 16.00 OK
r-oldrel-macos-x86_64 0.1 22.00 OK
r-oldrel-windows-x86_64 0.1 4.00 44.00 48.00 OK

Check Details

Version: 0.1
Check: CRAN incoming feasibility
Result: NOTE Maintainer: ‘Hanbing Yang <hanbingflying@sina.com>’ No Authors@R field in DESCRIPTION. Please add one, modifying Authors@R: person(given = "Hanbing", family = "Yang", role = c("aut", "cre"), email = "hanbingflying@sina.com") as necessary. Flavors: r-devel-linux-x86_64-debian-clang, r-devel-linux-x86_64-debian-gcc

These binaries (installable software) and packages are in development.
They may not be fully stable and should be used with caution. We make no claims about them.