Last updated on 2024-07-27 15:50:16 CEST.
Flavor | Version | Tinstall | Tcheck | Ttotal | Status | Flags |
---|---|---|---|---|---|---|
r-devel-linux-x86_64-debian-clang | 0.1.1 | 13.49 | 125.19 | 138.68 | OK | |
r-devel-linux-x86_64-debian-gcc | 0.1.1 | OK | ||||
r-devel-linux-x86_64-fedora-clang | 0.1.1 | 178.27 | NOTE | |||
r-devel-linux-x86_64-fedora-gcc | 0.1.1 | 184.59 | NOTE | |||
r-devel-windows-x86_64 | 0.1.1 | 17.00 | 108.00 | 125.00 | OK | |
r-patched-linux-x86_64 | 0.1.1 | OK | ||||
r-release-linux-x86_64 | 0.1.1 | 10.83 | 119.83 | 130.66 | OK | |
r-release-macos-arm64 | 0.1.1 | 64.00 | OK | |||
r-release-macos-x86_64 | 0.1.1 | 95.00 | OK | |||
r-release-windows-x86_64 | 0.1.1 | 16.00 | 108.00 | 124.00 | OK | |
r-oldrel-macos-arm64 | 0.1.1 | 58.00 | OK | |||
r-oldrel-macos-x86_64 | 0.1.1 | 127.00 | OK | |||
r-oldrel-windows-x86_64 | 0.1.1 | 19.00 | 123.00 | 142.00 | OK |
Version: 0.1.1
Check: dependencies in R code
Result: NOTE
Namespace in Imports field not imported from: ‘base’
All declared Imports should be used.
Flavors: r-devel-linux-x86_64-fedora-clang, r-devel-linux-x86_64-fedora-gcc
These binaries (installable software) and packages are in development.
They may not be fully stable and should be used with caution. We make no claims about them.