CRAN Package Check Results for Package Durga

Last updated on 2025-02-16 10:50:45 CET.

Flavor Version Tinstall Tcheck Ttotal Status Flags
r-devel-linux-x86_64-debian-clang 2.0 3.35 164.82 168.17 NOTE
r-devel-linux-x86_64-debian-gcc 2.0 2.77 105.71 108.48 NOTE
r-devel-linux-x86_64-fedora-clang 2.0 285.61 OK
r-devel-linux-x86_64-fedora-gcc 2.0 279.51 OK
r-devel-macos-arm64 2.0 79.00 OK
r-devel-macos-x86_64 2.0 156.00 OK
r-devel-windows-x86_64 2.0 4.00 176.00 180.00 NOTE
r-patched-linux-x86_64 2.0 4.33 153.39 157.72 OK
r-release-linux-x86_64 2.0 2.95 154.09 157.04 OK
r-release-macos-arm64 2.0 72.00 OK
r-release-macos-x86_64 2.0 119.00 OK
r-release-windows-x86_64 2.0 6.00 173.00 179.00 OK
r-oldrel-macos-arm64 2.0 99.00 OK
r-oldrel-macos-x86_64 2.0 231.00 OK
r-oldrel-windows-x86_64 2.0 7.00 221.00 228.00 OK

Check Details

Version: 2.0
Check: Rd cross-references
Result: NOTE Found the following Rd file(s) with Rd \link{} targets missing package anchors: DurgaPlot.Rd: RColorBrewer Please provide package anchors for all Rd \link{} targets not in the package itself and the base packages. Flavors: r-devel-linux-x86_64-debian-clang, r-devel-linux-x86_64-debian-gcc, r-devel-windows-x86_64

These binaries (installable software) and packages are in development.
They may not be fully stable and should be used with caution. We make no claims about them.