Last updated on 2025-05-08 04:52:03 CEST.
Flavor | Version | Tinstall | Tcheck | Ttotal | Status | Flags |
---|---|---|---|---|---|---|
r-devel-linux-x86_64-debian-clang | 2.0 | 3.85 | 165.29 | 169.14 | NOTE | |
r-devel-linux-x86_64-debian-gcc | 2.0 | 2.87 | 106.68 | 109.55 | NOTE | |
r-devel-linux-x86_64-fedora-clang | 2.0 | 281.59 | OK | |||
r-devel-linux-x86_64-fedora-gcc | 2.0 | 276.57 | OK | |||
r-devel-windows-x86_64 | 2.0 | 5.00 | 171.00 | 176.00 | NOTE | |
r-patched-linux-x86_64 | 2.0 | 4.29 | 154.75 | 159.04 | NOTE | |
r-release-linux-x86_64 | 2.0 | 3.32 | 152.89 | 156.21 | NOTE | |
r-release-macos-arm64 | 2.0 | 78.00 | OK | |||
r-release-macos-x86_64 | 2.0 | 154.00 | OK | |||
r-release-windows-x86_64 | 2.0 | 6.00 | 173.00 | 179.00 | NOTE | |
r-oldrel-macos-arm64 | 2.0 | 72.00 | OK | |||
r-oldrel-macos-x86_64 | 2.0 | 119.00 | OK | |||
r-oldrel-windows-x86_64 | 2.0 | 6.00 | 222.00 | 228.00 | OK |
Version: 2.0
Check: Rd cross-references
Result: NOTE
Found the following Rd file(s) with Rd \link{} targets missing package
anchors:
DurgaPlot.Rd: RColorBrewer
Please provide package anchors for all Rd \link{} targets not in the
package itself and the base packages.
Flavors: r-devel-linux-x86_64-debian-clang, r-devel-linux-x86_64-debian-gcc, r-devel-windows-x86_64, r-patched-linux-x86_64, r-release-linux-x86_64, r-release-windows-x86_64
These binaries (installable software) and packages are in development.
They may not be fully stable and should be used with caution. We make no claims about them.