CRAN Package Check Results for Package Dykstra

Last updated on 2025-10-03 15:49:48 CEST.

Flavor Version Tinstall Tcheck Ttotal Status Flags
r-devel-linux-x86_64-debian-clang 1.0-0 1.67 19.07 20.74 NOTE
r-devel-linux-x86_64-debian-gcc 1.0-0 1.41 15.96 17.37 NOTE
r-devel-linux-x86_64-fedora-clang 1.0-0 30.55 OK
r-devel-linux-x86_64-fedora-gcc 1.0-0 31.03 OK
r-devel-windows-x86_64 1.0-0 2.00 35.00 37.00 OK
r-patched-linux-x86_64 1.0-0 1.62 18.31 19.93 OK
r-release-linux-x86_64 1.0-0 1.52 18.23 19.75 OK
r-release-macos-arm64 1.0-0 15.00 OK
r-release-macos-x86_64 1.0-0 22.00 OK
r-release-windows-x86_64 1.0-0 4.00 35.00 39.00 OK
r-oldrel-macos-arm64 1.0-0 13.00 OK
r-oldrel-macos-x86_64 1.0-0 19.00 OK
r-oldrel-windows-x86_64 1.0-0 3.00 35.00 38.00 OK

Check Details

Version: 1.0-0
Check: CRAN incoming feasibility
Result: NOTE Maintainer: ‘Nathaniel E. Helwig <helwig@umn.edu>’ No Authors@R field in DESCRIPTION. Please add one, modifying Authors@R: person(given = c("Nathaniel", "E."), family = "Helwig", role = c("aut", "cre"), email = "helwig@umn.edu") as necessary. Flavors: r-devel-linux-x86_64-debian-clang, r-devel-linux-x86_64-debian-gcc

These binaries (installable software) and packages are in development.
They may not be fully stable and should be used with caution. We make no claims about them.