Last updated on 2025-10-24 01:50:24 CEST.
| Flavor | Version | Tinstall | Tcheck | Ttotal | Status | Flags |
|---|---|---|---|---|---|---|
| r-devel-linux-x86_64-debian-clang | 0.1.0 | 2.53 | 55.29 | 57.82 | OK | |
| r-devel-linux-x86_64-debian-gcc | 0.1.0 | 1.86 | 36.78 | 38.64 | OK | |
| r-devel-linux-x86_64-fedora-clang | 0.1.0 | 85.79 | NOTE | |||
| r-devel-linux-x86_64-fedora-gcc | 0.1.0 | 82.16 | NOTE | |||
| r-devel-windows-x86_64 | 0.1.0 | 4.00 | 74.00 | 78.00 | OK | |
| r-patched-linux-x86_64 | 0.1.0 | 2.15 | 48.53 | 50.68 | OK | |
| r-release-linux-x86_64 | 0.1.0 | 2.02 | 47.67 | 49.69 | OK | |
| r-release-macos-arm64 | 0.1.0 | 1.00 | 29.00 | 30.00 | OK | |
| r-release-macos-x86_64 | 0.1.0 | 2.00 | 48.00 | 50.00 | OK | |
| r-release-windows-x86_64 | 0.1.0 | 4.00 | 74.00 | 78.00 | OK | |
| r-oldrel-macos-arm64 | 0.1.0 | 1.00 | 28.00 | 29.00 | OK | |
| r-oldrel-macos-x86_64 | 0.1.0 | 2.00 | 39.00 | 41.00 | OK | |
| r-oldrel-windows-x86_64 | 0.1.0 | 5.00 | 88.00 | 93.00 | OK |
Version: 0.1.0
Check: dependencies in R code
Result: NOTE
Namespace in Imports field not imported from: ‘qcr’
All declared Imports should be used.
Flavors: r-devel-linux-x86_64-fedora-clang, r-devel-linux-x86_64-fedora-gcc
These binaries (installable software) and packages are in development.
They may not be fully stable and should be used with caution. We make no claims about them.