Last updated on 2025-11-11 17:49:57 CET.
| Flavor | Version | Tinstall | Tcheck | Ttotal | Status | Flags |
|---|---|---|---|---|---|---|
| r-devel-linux-x86_64-debian-clang | 1.0.0 | 1.99 | 20.40 | 22.39 | OK | |
| r-devel-linux-x86_64-debian-gcc | 1.0.0 | 1.65 | 16.36 | 18.01 | OK | |
| r-devel-linux-x86_64-fedora-clang | 1.0.0 | 33.73 | OK | |||
| r-devel-linux-x86_64-fedora-gcc | 1.0.0 | 32.41 | OK | |||
| r-devel-windows-x86_64 | 1.0.0 | 3.00 | 34.00 | 37.00 | OK | |
| r-patched-linux-x86_64 | 1.0.0 | 1.80 | 19.36 | 21.16 | OK | |
| r-release-linux-x86_64 | 1.0.0 | 1.87 | 19.26 | 21.13 | OK | |
| r-release-macos-arm64 | 1.0.0 | 1.00 | 16.00 | 17.00 | OK | |
| r-release-macos-x86_64 | 1.0.0 | 2.00 | 22.00 | 24.00 | OK | |
| r-release-windows-x86_64 | 1.0.0 | 2.00 | 34.00 | 36.00 | OK | |
| r-oldrel-macos-arm64 | 1.0.0 | 1.00 | 14.00 | 15.00 | NOTE | |
| r-oldrel-macos-x86_64 | 1.0.0 | 2.00 | 20.00 | 22.00 | NOTE | |
| r-oldrel-windows-x86_64 | 1.0.0 | 2.00 | 36.00 | 38.00 | NOTE |
Version: 1.0.0
Check: LazyData
Result: NOTE
'LazyData' is specified without a 'data' directory
Flavors: r-oldrel-macos-arm64, r-oldrel-macos-x86_64, r-oldrel-windows-x86_64
These binaries (installable software) and packages are in development.
They may not be fully stable and should be used with caution. We make no claims about them.