Last updated on 2025-05-01 17:56:01 CEST.
Flavor | Version | Tinstall | Tcheck | Ttotal | Status | Flags |
---|---|---|---|---|---|---|
r-devel-linux-x86_64-debian-clang | 0.1.0 | 7.24 | 60.43 | 67.67 | OK | |
r-devel-linux-x86_64-debian-gcc | 0.1.0 | 5.38 | 43.71 | 49.09 | OK | |
r-devel-linux-x86_64-fedora-clang | 0.1.0 | 97.08 | OK | |||
r-devel-linux-x86_64-fedora-gcc | 0.1.0 | 88.12 | OK | |||
r-devel-windows-x86_64 | 0.1.0 | 9.00 | 74.00 | 83.00 | OK | |
r-patched-linux-x86_64 | 0.1.0 | 7.04 | 58.35 | 65.39 | OK | |
r-release-linux-x86_64 | OK | |||||
r-release-macos-arm64 | 0.1.0 | 39.00 | OK | |||
r-release-macos-x86_64 | 0.1.0 | 101.00 | OK | |||
r-release-windows-x86_64 | 0.1.0 | 9.00 | 76.00 | 85.00 | OK | |
r-oldrel-macos-arm64 | 0.1.0 | 31.00 | NOTE | |||
r-oldrel-macos-x86_64 | 0.1.0 | 45.00 | NOTE | |||
r-oldrel-windows-x86_64 | 0.1.0 | 11.00 | 90.00 | 101.00 | NOTE |
Version: 0.1.0
Check: LazyData
Result: NOTE
'LazyData' is specified without a 'data' directory
Flavors: r-oldrel-macos-arm64, r-oldrel-macos-x86_64, r-oldrel-windows-x86_64
These binaries (installable software) and packages are in development.
They may not be fully stable and should be used with caution. We make no claims about them.