CRAN Package Check Results for Package ECTTDNN

Last updated on 2025-02-16 10:50:45 CET.

Flavor Version Tinstall Tcheck Ttotal Status Flags
r-devel-linux-x86_64-debian-clang 0.1.0 6.01 55.24 61.25 OK
r-devel-linux-x86_64-debian-gcc 0.1.0 4.34 38.30 42.64 OK
r-devel-linux-x86_64-fedora-clang 0.1.0 97.45 OK
r-devel-linux-x86_64-fedora-gcc 0.1.0 89.38 OK
r-devel-macos-arm64 0.1.0 30.00 OK
r-devel-macos-x86_64 0.1.0 101.00 OK
r-devel-windows-x86_64 0.1.0 8.00 68.00 76.00 OK
r-patched-linux-x86_64 0.1.0 5.42 50.44 55.86 NOTE
r-release-linux-x86_64 0.1.0 6.12 50.81 56.93 NOTE
r-release-macos-arm64 0.1.0 31.00 NOTE
r-release-macos-x86_64 0.1.0 45.00 NOTE
r-release-windows-x86_64 0.1.0 8.00 66.00 74.00 NOTE
r-oldrel-macos-arm64 0.1.0 33.00 NOTE
r-oldrel-macos-x86_64 0.1.0 47.00 NOTE
r-oldrel-windows-x86_64 0.1.0 10.00 72.00 82.00 NOTE

Check Details

Version: 0.1.0
Check: LazyData
Result: NOTE 'LazyData' is specified without a 'data' directory Flavors: r-patched-linux-x86_64, r-release-linux-x86_64, r-release-macos-arm64, r-release-macos-x86_64, r-release-windows-x86_64, r-oldrel-macos-arm64, r-oldrel-macos-x86_64, r-oldrel-windows-x86_64

These binaries (installable software) and packages are in development.
They may not be fully stable and should be used with caution. We make no claims about them.