CRAN Package Check Results for Package ECTTDNN

Last updated on 2025-07-04 09:49:49 CEST.

Flavor Version Tinstall Tcheck Ttotal Status Flags
r-devel-linux-x86_64-debian-clang 0.1.0 6.89 62.12 69.01 OK
r-devel-linux-x86_64-debian-gcc 0.1.0 5.37 44.73 50.10 OK
r-devel-linux-x86_64-fedora-clang 0.1.0 109.33 OK
r-devel-linux-x86_64-fedora-gcc 0.1.0 102.11 OK
r-devel-windows-x86_64 0.1.0 9.00 71.00 80.00 OK
r-patched-linux-x86_64 0.1.0 6.25 58.26 64.51 OK
r-release-linux-x86_64 0.1.0 6.74 57.30 64.04 OK
r-release-macos-arm64 0.1.0 39.00 OK
r-release-macos-x86_64 0.1.0 101.00 OK
r-release-windows-x86_64 0.1.0 10.00 72.00 82.00 OK
r-oldrel-macos-arm64 0.1.0 31.00 NOTE
r-oldrel-macos-x86_64 0.1.0 45.00 NOTE
r-oldrel-windows-x86_64 0.1.0 12.00 88.00 100.00 NOTE

Check Details

Version: 0.1.0
Check: LazyData
Result: NOTE 'LazyData' is specified without a 'data' directory Flavors: r-oldrel-macos-arm64, r-oldrel-macos-x86_64, r-oldrel-windows-x86_64

These binaries (installable software) and packages are in development.
They may not be fully stable and should be used with caution. We make no claims about them.