CRAN Package Check Results for Package ECoL

Last updated on 2025-07-01 15:49:46 CEST.

Flavor Version Tinstall Tcheck Ttotal Status Flags
r-devel-linux-x86_64-debian-clang 0.3.0 2.83 42.76 45.59 NOTE
r-devel-linux-x86_64-debian-gcc 0.3.0 1.60 30.56 32.16 NOTE
r-devel-linux-x86_64-fedora-clang 0.3.0 69.20 OK
r-devel-linux-x86_64-fedora-gcc 0.3.0 68.28 OK
r-devel-windows-x86_64 0.3.0 4.00 60.00 64.00 OK
r-patched-linux-x86_64 OK
r-release-linux-x86_64 0.3.0 2.42 39.74 42.16 OK
r-release-macos-arm64 0.3.0 25.00 OK
r-release-macos-x86_64 0.3.0 41.00 OK
r-release-windows-x86_64 0.3.0 5.00 60.00 65.00 OK
r-oldrel-macos-arm64 0.3.0 21.00 NOTE
r-oldrel-macos-x86_64 0.3.0 33.00 NOTE
r-oldrel-windows-x86_64 0.3.0 5.00 74.00 79.00 NOTE

Check Details

Version: 0.3.0
Check: CRAN incoming feasibility
Result: NOTE Maintainer: ‘Luis Garcia <lpfgarcia@icmc.usp.br>’ No Authors@R field in DESCRIPTION. Please add one, modifying Authors@R: c(person(given = "Luis", family = "Garcia", role = c("aut", "cre"), email = "lpfgarcia@icmc.usp.br"), person(given = "Ana", family = "Lorena", role = c("aut", "ctb"))) as necessary. Flavors: r-devel-linux-x86_64-debian-clang, r-devel-linux-x86_64-debian-gcc

Version: 0.3.0
Check: LazyData
Result: NOTE 'LazyData' is specified without a 'data' directory Flavors: r-oldrel-macos-arm64, r-oldrel-macos-x86_64, r-oldrel-windows-x86_64

These binaries (installable software) and packages are in development.
They may not be fully stable and should be used with caution. We make no claims about them.