Last updated on 2025-02-16 10:50:45 CET.
Flavor | Version | Tinstall | Tcheck | Ttotal | Status | Flags |
---|---|---|---|---|---|---|
r-devel-linux-x86_64-debian-clang | 0.3.0 | 2.54 | 41.14 | 43.68 | OK | |
r-devel-linux-x86_64-debian-gcc | 0.3.0 | 1.88 | 29.34 | 31.22 | OK | |
r-devel-linux-x86_64-fedora-clang | 0.3.0 | 71.58 | OK | |||
r-devel-linux-x86_64-fedora-gcc | 0.3.0 | 67.21 | OK | |||
r-devel-macos-arm64 | 0.3.0 | 23.00 | OK | |||
r-devel-macos-x86_64 | 0.3.0 | 41.00 | OK | |||
r-devel-windows-x86_64 | 0.3.0 | 4.00 | 61.00 | 65.00 | OK | |
r-patched-linux-x86_64 | 0.3.0 | 3.32 | 38.95 | 42.27 | NOTE | |
r-release-linux-x86_64 | 0.3.0 | 2.50 | 38.44 | 40.94 | NOTE | |
r-release-macos-arm64 | 0.3.0 | 21.00 | NOTE | |||
r-release-macos-x86_64 | 0.3.0 | 33.00 | NOTE | |||
r-release-windows-x86_64 | 0.3.0 | 4.00 | 61.00 | 65.00 | NOTE | |
r-oldrel-macos-arm64 | 0.3.0 | 24.00 | NOTE | |||
r-oldrel-macos-x86_64 | 0.3.0 | 34.00 | NOTE | |||
r-oldrel-windows-x86_64 | 0.3.0 | 5.00 | 65.00 | 70.00 | NOTE |
Version: 0.3.0
Check: LazyData
Result: NOTE
'LazyData' is specified without a 'data' directory
Flavors: r-patched-linux-x86_64, r-release-linux-x86_64, r-release-macos-arm64, r-release-macos-x86_64, r-release-windows-x86_64, r-oldrel-macos-arm64, r-oldrel-macos-x86_64, r-oldrel-windows-x86_64
These binaries (installable software) and packages are in development.
They may not be fully stable and should be used with caution. We make no claims about them.