Last updated on 2025-10-24 03:50:27 CEST.
| Flavor | Version | Tinstall | Tcheck | Ttotal | Status | Flags |
|---|---|---|---|---|---|---|
| r-devel-linux-x86_64-debian-clang | 1.1.1 | 4.70 | 53.63 | 58.33 | NOTE | |
| r-devel-linux-x86_64-debian-gcc | 1.1.1 | 3.38 | 36.33 | 39.71 | NOTE | |
| r-devel-linux-x86_64-fedora-clang | 1.1.1 | 87.21 | OK | |||
| r-devel-linux-x86_64-fedora-gcc | 1.1.1 | 10.00 | 71.05 | 81.05 | OK | |
| r-devel-windows-x86_64 | 1.1.1 | 5.00 | 71.00 | 76.00 | OK | |
| r-patched-linux-x86_64 | 1.1.1 | 5.47 | 50.10 | 55.57 | OK | |
| r-release-linux-x86_64 | 1.1.1 | 3.74 | 49.77 | 53.51 | OK | |
| r-release-macos-arm64 | 1.1.1 | 2.00 | 24.00 | 26.00 | OK | |
| r-release-macos-x86_64 | 1.1.1 | 7.00 | 64.00 | 71.00 | OK | |
| r-release-windows-x86_64 | 1.1.1 | 7.00 | 73.00 | 80.00 | OK | |
| r-oldrel-macos-arm64 | 1.1.1 | 2.00 | 28.00 | 30.00 | OK | |
| r-oldrel-macos-x86_64 | 1.1.1 | 6.00 | 59.00 | 65.00 | OK | |
| r-oldrel-windows-x86_64 | 1.1.1 | 6.00 | 90.00 | 96.00 | OK |
Version: 1.1.1
Check: CRAN incoming feasibility
Result: NOTE
Maintainer: ‘Frank Dondelinger <fdondelinger.work@gmail.com>’
No Authors@R field in DESCRIPTION.
Please add one, modifying
Authors@R: c(person(given = "Frank",
family = "Dondelinger",
role = c("aut", "cre"),
email = "fdondelinger.work@gmail.com"),
person(given = "Sophie",
family = "Lebre",
role = "aut"))
as necessary.
Flavors: r-devel-linux-x86_64-debian-clang, r-devel-linux-x86_64-debian-gcc
These binaries (installable software) and packages are in development.
They may not be fully stable and should be used with caution. We make no claims about them.