Last updated on 2024-07-27 15:50:16 CEST.
Flavor | Version | Tinstall | Tcheck | Ttotal | Status | Flags |
---|---|---|---|---|---|---|
r-devel-linux-x86_64-debian-clang | 0.2.5 | 19.16 | 147.25 | 166.41 | OK | |
r-devel-linux-x86_64-debian-gcc | 0.2.5 | OK | ||||
r-devel-linux-x86_64-fedora-clang | 0.2.5 | 218.53 | OK | |||
r-devel-linux-x86_64-fedora-gcc | 0.2.5 | 198.81 | OK | |||
r-devel-windows-x86_64 | 0.2.5 | 19.00 | 113.00 | 132.00 | OK | |
r-patched-linux-x86_64 | 0.2.5 | OK | ||||
r-release-linux-x86_64 | 0.2.5 | 12.01 | 139.73 | 151.74 | OK | |
r-release-macos-arm64 | 0.2.5 | 7.00 | ERROR | |||
r-release-macos-x86_64 | 0.2.5 | 7.00 | ERROR | |||
r-release-windows-x86_64 | 0.2.5 | 17.00 | 113.00 | 130.00 | OK | |
r-oldrel-macos-arm64 | 0.2.5 | 12.00 | ERROR | |||
r-oldrel-macos-x86_64 | 0.2.5 | 11.00 | ERROR | |||
r-oldrel-windows-x86_64 | 0.2.5 | 22.00 | 136.00 | 158.00 | OK |
Version: 0.2.5
Check: package dependencies
Result: ERROR
Package required but not available: ‘opGMMassessment’
See section ‘The DESCRIPTION file’ in the ‘Writing R Extensions’
manual.
Flavors: r-release-macos-arm64, r-release-macos-x86_64, r-oldrel-macos-arm64, r-oldrel-macos-x86_64
These binaries (installable software) and packages are in development.
They may not be fully stable and should be used with caution. We make no claims about them.