Last updated on 2025-05-01 17:56:02 CEST.
Flavor | Version | Tinstall | Tcheck | Ttotal | Status | Flags |
---|---|---|---|---|---|---|
r-devel-linux-x86_64-debian-clang | 0.1.0 | 12.59 | 103.96 | 116.55 | OK | |
r-devel-linux-x86_64-debian-gcc | 0.1.0 | 9.41 | 73.88 | 83.29 | OK | |
r-devel-linux-x86_64-fedora-clang | 0.1.0 | 183.34 | NOTE | |||
r-devel-linux-x86_64-fedora-gcc | 0.1.0 | 158.23 | NOTE | |||
r-devel-windows-x86_64 | 0.1.0 | 14.00 | 107.00 | 121.00 | OK | |
r-patched-linux-x86_64 | 0.1.0 | 12.71 | 95.75 | 108.46 | OK | |
r-release-linux-x86_64 | OK | |||||
r-release-macos-arm64 | 0.1.0 | 43.00 | OK | |||
r-release-macos-x86_64 | 0.1.0 | 89.00 | OK | |||
r-release-windows-x86_64 | 0.1.0 | 15.00 | 115.00 | 130.00 | OK | |
r-oldrel-macos-arm64 | 0.1.0 | 47.00 | OK | |||
r-oldrel-macos-x86_64 | 0.1.0 | 86.00 | OK | |||
r-oldrel-windows-x86_64 | 0.1.0 | 18.00 | 131.00 | 149.00 | OK |
Version: 0.1.0
Check: dependencies in R code
Result: NOTE
Namespaces in Imports field not imported from:
‘reticulate’ ‘tensorflow’
All declared Imports should be used.
Flavors: r-devel-linux-x86_64-fedora-clang, r-devel-linux-x86_64-fedora-gcc
These binaries (installable software) and packages are in development.
They may not be fully stable and should be used with caution. We make no claims about them.