Last updated on 2025-02-16 10:50:45 CET.
Flavor | Version | Tinstall | Tcheck | Ttotal | Status | Flags |
---|---|---|---|---|---|---|
r-devel-linux-x86_64-debian-clang | 0.7.0 | 1.72 | 29.58 | 31.30 | NOTE | |
r-devel-linux-x86_64-debian-gcc | 0.7.0 | 1.45 | 22.84 | 24.29 | NOTE | |
r-devel-linux-x86_64-fedora-clang | 0.7.0 | 51.74 | OK | |||
r-devel-linux-x86_64-fedora-gcc | 0.7.0 | 61.51 | OK | |||
r-devel-macos-arm64 | 0.7.0 | 25.00 | OK | |||
r-devel-macos-x86_64 | 0.7.0 | 48.00 | OK | |||
r-devel-windows-x86_64 | 0.7.0 | 3.00 | 63.00 | 66.00 | NOTE | |
r-patched-linux-x86_64 | 0.7.0 | 4.26 | 28.54 | 32.80 | OK | |
r-release-linux-x86_64 | 0.7.0 | 2.20 | 28.30 | 30.50 | OK | |
r-release-macos-arm64 | 0.7.0 | 25.00 | OK | |||
r-release-macos-x86_64 | 0.7.0 | 40.00 | OK | |||
r-release-windows-x86_64 | 0.7.0 | 3.00 | 65.00 | 68.00 | OK | |
r-oldrel-macos-arm64 | 0.7.0 | 26.00 | OK | |||
r-oldrel-macos-x86_64 | 0.7.0 | 38.00 | OK | |||
r-oldrel-windows-x86_64 | 0.7.0 | 4.00 | 106.00 | 110.00 | OK |
Version: 0.7.0
Check: Rd cross-references
Result: NOTE
Found the following Rd file(s) with Rd \link{} targets missing package
anchors:
EESPCACV.Rd: PMA
RifleInit.Rd: rifle
RiflePCACV.Rd: rifle, PMA
TpowerPCACV.Rd: PMA
Please provide package anchors for all Rd \link{} targets not in the
package itself and the base packages.
Flavors: r-devel-linux-x86_64-debian-clang, r-devel-linux-x86_64-debian-gcc, r-devel-windows-x86_64
These binaries (installable software) and packages are in development.
They may not be fully stable and should be used with caution. We make no claims about them.