Last updated on 2025-11-11 15:50:32 CET.
| Flavor | Version | Tinstall | Tcheck | Ttotal | Status | Flags |
|---|---|---|---|---|---|---|
| r-devel-linux-x86_64-debian-clang | 0.6.1 | 69.45 | 376.31 | 445.76 | OK | |
| r-devel-linux-x86_64-debian-gcc | 0.6.1 | 45.22 | 264.87 | 310.09 | OK | |
| r-devel-linux-x86_64-fedora-clang | 0.6.1 | 720.00 | 103.32 | 823.32 | NOTE | |
| r-devel-linux-x86_64-fedora-gcc | 0.6.1 | 211.00 | 535.63 | 746.63 | NOTE | |
| r-devel-windows-x86_64 | 0.6.1 | 85.00 | 414.00 | 499.00 | OK | |
| r-patched-linux-x86_64 | 0.6.1 | 70.13 | 380.89 | 451.02 | OK | |
| r-release-linux-x86_64 | 0.6.1 | 72.95 | 364.58 | 437.53 | OK | |
| r-release-macos-arm64 | 0.6.1 | 25.00 | 169.00 | 194.00 | OK | |
| r-release-macos-x86_64 | 0.6.1 | 30.00 | 380.00 | 410.00 | OK | |
| r-release-windows-x86_64 | 0.6.1 | 82.00 | 407.00 | 489.00 | OK | |
| r-oldrel-macos-arm64 | 0.6.1 | 23.00 | 155.00 | 178.00 | OK | |
| r-oldrel-macos-x86_64 | 0.6.1 | 27.00 | 327.00 | 354.00 | OK | |
| r-oldrel-windows-x86_64 | 0.6.1 | 98.00 | 547.00 | 645.00 | OK |
Version: 0.6.1
Check: dependencies in R code
Result: NOTE
Namespace in Imports field not imported from: ‘progress’
All declared Imports should be used.
Flavors: r-devel-linux-x86_64-fedora-clang, r-devel-linux-x86_64-fedora-gcc
These binaries (installable software) and packages are in development.
They may not be fully stable and should be used with caution. We make no claims about them.