CRAN Package Check Results for Package EFAutilities

Last updated on 2025-05-08 04:52:03 CEST.

Flavor Version Tinstall Tcheck Ttotal Status Flags
r-devel-linux-x86_64-debian-clang 2.1.3 10.23 113.73 123.96 NOTE
r-devel-linux-x86_64-debian-gcc 2.1.3 7.19 68.15 75.34 NOTE
r-devel-linux-x86_64-fedora-clang 2.1.3 192.58 OK
r-devel-linux-x86_64-fedora-gcc 2.1.3 195.20 OK
r-devel-windows-x86_64 2.1.3 11.00 109.00 120.00 OK
r-patched-linux-x86_64 2.1.3 9.77 107.11 116.88 OK
r-release-linux-x86_64 2.1.3 9.19 107.53 116.72 OK
r-release-macos-arm64 2.1.3 52.00 OK
r-release-macos-x86_64 2.1.3 121.00 OK
r-release-windows-x86_64 2.1.3 10.00 109.00 119.00 OK
r-oldrel-macos-arm64 2.1.3 51.00 OK
r-oldrel-macos-x86_64 2.1.3 82.00 OK
r-oldrel-windows-x86_64 2.1.3 11.00 144.00 155.00 OK

Check Details

Version: 2.1.3
Check: CRAN incoming feasibility
Result: NOTE Maintainer: ‘Guangjian Zhang <gzhang3@nd.edu>’ No Authors@R field in DESCRIPTION. Please add one, modifying Authors@R: c(person(given = "Guangjian", family = "Zhang", role = c("aut", "cre"), email = "gzhang3@nd.edu"), person(given = "Ge", family = "Jiang", role = "aut"), person(given = "Minami", family = "Hattori", role = "aut"), person(given = "Lauren", family = "Trichtinger", role = "aut")) as necessary. Flavors: r-devel-linux-x86_64-debian-clang, r-devel-linux-x86_64-debian-gcc

These binaries (installable software) and packages are in development.
They may not be fully stable and should be used with caution. We make no claims about them.